{"id":971883,"date":"2024-06-25T12:10:02","date_gmt":"2024-06-25T10:10:02","guid":{"rendered":"https:\/\/www.claret.cat\/llibre\/marcus-pocus-6-la-porta-prohibida-9788413898650\/"},"modified":"2026-04-15T14:05:22","modified_gmt":"2026-04-15T12:05:22","slug":"marcus-pocus-6-la-porta-prohibida-9788413898650","status":"publish","type":"product","link":"https:\/\/www.claret.cat\/es\/libro\/marcus-pocus-6-la-porta-prohibida-9788413898650\/","title":{"rendered":"MARCUS POCUS 6. LA PORTA PROHIBIDA"},"content":{"rendered":"<p>Els negocis de m\u00e0gia a domicili de Suncity s&#8221;estan quedant sense clients. I tot per culpa d&#8221;una empresa de repartiment clandestina anomenada Secret Encant. La colla d&#8221;en Marcus no tindr\u00e0 altre remei que aliar-se amb els seus rivals de M\u00e0gic Expr\u00e9s si volen aturar els misteriosos contrabandistes. La q\u00fcesti\u00f3 \u00e9s\u2026\u00a0On dimonis s&#8221;amaguen?<br \/> \u00a0<br \/> Descobreix l&#8221;spin off d&#8221;Anna Kadabra, la col\u00b7lecci\u00f3 best-seller per a primers lectors.\u00a0<br \/> Els ingredients de la p\u00f2cima m\u00e0gica d&#8221;aquesta s\u00e8rie s\u00f3n:\u00a0<\/p>\n<p> L&#8221;amistat, la m\u00e0gia, l&#8221;humor i molt misteri.\u00a0<\/p>\n<p> Un t\u00e0ndem d&#8221;autors m\u00e0gic: Pedro Ma\u00f1as (autor de Princesas Drag\u00f3n) i David Sierra, autors d&#8221;altres col\u00b7leccions d&#8221;\u00e8xit com?Anna Kadabra.\u00a0<\/p>\n<p> Cap\u00edtols breus, trames senzilles\u2026 plenes d&#8221;il\u00b7lustracions!\u00a0<\/p>\n<p> Una colla d&#8221;amics amb els quals els lectors es podran sentir identificats.\u00a0<\/p>\n<p> Aventures autoconclusives que es poden llegir de forma independent.<\/p>\n","protected":false},"excerpt":{"rendered":"<p>MA\u00d1AS, PEDRO \/ SIERRA LIST\u00d3N, DAVID<\/p>\n","protected":false},"featured_media":971928,"template":"","meta":{"_acf_changed":false,"om_disable_all_campaigns":false,"rs_blank_template":"","rs_page_bg_color":"","slide_template_v7":"","inline_featured_image":false,"_monsterinsights_skip_tracking":false,"_monsterinsights_sitenote_active":false,"_monsterinsights_sitenote_note":"","_monsterinsights_sitenote_category":0},"product_brand":[],"product_cat":[132,362],"product_tag":[],"class_list":{"0":"post-971883","1":"product","2":"type-product","3":"status-publish","4":"has-post-thumbnail","6":"product_cat-lectures-per-preadolescents-6-12-anys","7":"product_cat-libros-preadolescentes-6-12-anos","9":"first","10":"instock","11":"taxable","12":"shipping-taxable","13":"purchasable","14":"product-type-simple"},"acf":{"autor":"MA\u00d1AS, PEDRO \/ SIERRA LIST\u00d3N, DAVID","codart":"841389865","libros-coleccion":"FORA DE COL.LECCI\u00d3","ediciones":"1","encuadernacion":"R\u00fastica","fecha_de_publicacion":"01\/06\/2024","novedad":"1","paginas":"126","subtitulo":"","orden":"0","portada":"0","idioma":"spa","editorial":[{"ID":6249,"post_author":"3","post_date":"2022-07-28 17:48:09","post_date_gmt":"2022-07-28 15:48:09","post_content":"","post_title":"Estrella Polar","post_excerpt":"","post_status":"publish","comment_status":"closed","ping_status":"closed","post_password":"","post_name":"estrella-polar","to_ping":"","pinged":"","post_modified":"2022-07-28 17:48:09","post_modified_gmt":"2022-07-28 15:48:09","post_content_filtered":"","post_parent":0,"guid":"http:\/\/dev.claret.cat\/editorial\/estrella-polar\/","menu_order":0,"post_type":"editorial","post_mime_type":"","comment_count":"0","filter":"raw"}],"booktrailer":"","resenas":""},"aioseo_notices":[],"_links":{"self":[{"href":"https:\/\/www.claret.cat\/es\/wp-json\/wp\/v2\/product\/971883","targetHints":{"allow":["GET"]}}],"collection":[{"href":"https:\/\/www.claret.cat\/es\/wp-json\/wp\/v2\/product"}],"about":[{"href":"https:\/\/www.claret.cat\/es\/wp-json\/wp\/v2\/types\/product"}],"wp:featuredmedia":[{"embeddable":true,"href":"https:\/\/www.claret.cat\/es\/wp-json\/wp\/v2\/media\/971928"}],"wp:attachment":[{"href":"https:\/\/www.claret.cat\/es\/wp-json\/wp\/v2\/media?parent=971883"}],"wp:term":[{"taxonomy":"product_brand","embeddable":true,"href":"https:\/\/www.claret.cat\/es\/wp-json\/wp\/v2\/product_brand?post=971883"},{"taxonomy":"product_cat","embeddable":true,"href":"https:\/\/www.claret.cat\/es\/wp-json\/wp\/v2\/product_cat?post=971883"},{"taxonomy":"product_tag","embeddable":true,"href":"https:\/\/www.claret.cat\/es\/wp-json\/wp\/v2\/product_tag?post=971883"}],"curies":[{"name":"wp","href":"https:\/\/api.w.org\/{rel}","templated":true}]}}

<p>Els negocis de màgia a domicili de Suncity s&#8221;estan quedant sense clients. I tot per culpa d&#8221;una empresa de repartiment clandestina anomenada Secret Encant. La colla d&#8221;en Marcus no tindrà altre remei que aliar-se amb els seus rivals de Màgic Exprés si volen aturar els misteriosos contrabandistes. La qüestió és… On dimonis s&#8221;amaguen?<br />  <br /> Descobreix l&#8221;spin off d&#8221;Anna Kadabra, la col·lecció best-seller per a primers lectors. <br /> Els ingredients de la pòcima màgica d&#8221;aquesta sèrie són: </p>
<p> L&#8221;amistat, la màgia, l&#8221;humor i molt misteri. </p>
<p> Un tàndem d&#8221;autors màgic: Pedro Mañas (autor de Princesas Dragón) i David Sierra, autors d&#8221;altres col·leccions d&#8221;èxit com?Anna Kadabra. </p>
<p> Capítols breus, trames senzilles… plenes d&#8221;il·lustracions! </p>
<p> Una colla d&#8221;amics amb els quals els lectors es podran sentir identificats. </p>
<p> Aventures autoconclusives que es poden llegir de forma independent.</p>

<p>MAÑAS, PEDRO / SIERRA LISTÓN, DAVID</p>

MAÑAS, PEDRO / SIERRA LISTÓN, DAVID

FORA DE COL.LECCIÓ

Rústica
