{"id":972088,"date":"2024-06-26T11:30:44","date_gmt":"2024-06-26T09:30:44","guid":{"rendered":"https:\/\/www.claret.cat\/llibre\/la-mision-manifestacion-de-la-santidad-9788410023390\/"},"modified":"2024-06-26T11:36:12","modified_gmt":"2024-06-26T09:36:12","slug":"la-mision-manifestacion-de-la-santidad-9788410023390","status":"publish","type":"product","link":"https:\/\/www.claret.cat\/es\/libro\/la-mision-manifestacion-de-la-santidad-9788410023390\/","title":{"rendered":"LA MISI\u00d3N MANIFESTACI\u00d3N DE LA SANTIDAD"},"content":{"rendered":"<p><span>XXXI Simposio de Misionolog\u00eda. Cada santo es una misi\u00f3n.<\/span><\/p>\n","protected":false},"excerpt":{"rendered":"<p>FACULTAD DE TEOLOG\u00cdA DE BURGOS<\/p>\n","protected":false},"featured_media":972089,"template":"","meta":{"_acf_changed":false,"om_disable_all_campaigns":false,"rs_blank_template":"","rs_page_bg_color":"","slide_template_v7":"","inline_featured_image":false,"_monsterinsights_skip_tracking":false,"_monsterinsights_sitenote_active":false,"_monsterinsights_sitenote_note":"","_monsterinsights_sitenote_category":0},"product_brand":[],"product_cat":[403,262],"product_tag":[],"class_list":{"0":"post-972088","1":"product","2":"type-product","3":"status-publish","4":"has-post-thumbnail","6":"product_cat-de-las-misiones","7":"product_cat-de-les-missions","9":"first","10":"instock","11":"taxable","12":"shipping-taxable","13":"purchasable","14":"product-type-simple"},"acf":{"autor":"FACULTAD DE TEOLOG\u00cdA DE BURGOS","codart":"841002339","libros-coleccion":"","ediciones":"1","encuadernacion":"R\u00fastica","fecha_de_publicacion":"19\/06\/2024","novedad":"1","paginas":"308","subtitulo":"XXXI SIMPOSIO DE MISIONOLOG\u00cdA ","orden":"0","portada":"0","idioma":"spa","editorial":[{"ID":6309,"post_author":"3","post_date":"2022-07-28 17:49:25","post_date_gmt":"2022-07-28 15:49:25","post_content":"","post_title":"Monte Carmelo","post_excerpt":"","post_status":"publish","comment_status":"closed","ping_status":"closed","post_password":"","post_name":"monte-carmelo","to_ping":"","pinged":"","post_modified":"2022-07-28 17:49:25","post_modified_gmt":"2022-07-28 15:49:25","post_content_filtered":"","post_parent":0,"guid":"http:\/\/dev.claret.cat\/editorial\/monte-carmelo\/","menu_order":0,"post_type":"editorial","post_mime_type":"","comment_count":"0","filter":"raw"}]},"aioseo_notices":[],"_links":{"self":[{"href":"https:\/\/www.claret.cat\/es\/wp-json\/wp\/v2\/product\/972088","targetHints":{"allow":["GET"]}}],"collection":[{"href":"https:\/\/www.claret.cat\/es\/wp-json\/wp\/v2\/product"}],"about":[{"href":"https:\/\/www.claret.cat\/es\/wp-json\/wp\/v2\/types\/product"}],"wp:featuredmedia":[{"embeddable":true,"href":"https:\/\/www.claret.cat\/es\/wp-json\/wp\/v2\/media\/972089"}],"wp:attachment":[{"href":"https:\/\/www.claret.cat\/es\/wp-json\/wp\/v2\/media?parent=972088"}],"wp:term":[{"taxonomy":"product_brand","embeddable":true,"href":"https:\/\/www.claret.cat\/es\/wp-json\/wp\/v2\/product_brand?post=972088"},{"taxonomy":"product_cat","embeddable":true,"href":"https:\/\/www.claret.cat\/es\/wp-json\/wp\/v2\/product_cat?post=972088"},{"taxonomy":"product_tag","embeddable":true,"href":"https:\/\/www.claret.cat\/es\/wp-json\/wp\/v2\/product_tag?post=972088"}],"curies":[{"name":"wp","href":"https:\/\/api.w.org\/{rel}","templated":true}]}}

LA MISIÓN MANIFESTACIÓN DE LA SANTIDAD

<p><span>XXXI Simposio de Misionología. Cada santo es una misión.</span></p>

<p>FACULTAD DE TEOLOGÍA DE BURGOS</p>

FACULTAD DE TEOLOGÍA DE BURGOS

Rústica

XXXI SIMPOSIO DE MISIONOLOGÍA
