{"id":97306,"date":"2022-10-12T07:10:23","date_gmt":"2022-10-12T05:10:23","guid":{"rendered":"http:\/\/dev.claret.cat\/producte\/el-catala-escrit\/"},"modified":"2024-10-18T12:15:30","modified_gmt":"2024-10-18T10:15:30","slug":"el-catala-escrit-9788448943707","status":"publish","type":"product","link":"https:\/\/www.claret.cat\/es\/libro\/el-catala-escrit-9788448943707\/","title":{"rendered":"EL CATAL\u00c0 ESCRIT"},"content":{"rendered":"<p>El Catal\u00e0 essencial. Manual d&#8221;autoaprenentatge del catal\u00e0 escrit \u00e9s una eina fonamental per adquirir les nocions principals de la normativa b\u00e0sica, consolidar els aprenentatges adquirits o aclarir dubtes i vacil\u00b7lacions.<br \/> Hi trobareu&#8230;<br \/> \u00b7 La normativa b\u00e0sica del catal\u00e0 explicada de forma clara i concisa.<br \/> \u00b7 La resoluci\u00f3 dels dubtes m\u00e9s freq\u00fcents.<br \/> \u00b7 Desenes d&#8221;activitats per practicar i refor\u00e7ar els coneixements adquirits.<br \/> \u00b7 Els solucionari complet de totes les activitats.<\/p>\n<p> S&#8221;adre\u00e7a a&#8230;<br \/> \u00b7 Alumnes autodidactes o de classes presencials.<br \/> \u00b7 Persones que necessiten refor\u00e7ar i practicar els seus coneixements de catal\u00e0 escrit.<\/p>\n","protected":false},"excerpt":{"rendered":"<p>GARCIA BALASCH, TERESA \/ COMELLES, SALVADOR \/ VIL\u00c0 COMAJOAN, CARME<\/p>\n","protected":false},"featured_media":97307,"template":"","meta":{"_acf_changed":false,"om_disable_all_campaigns":false,"rs_blank_template":"","rs_page_bg_color":"","slide_template_v7":"","inline_featured_image":false,"_monsterinsights_skip_tracking":false,"_monsterinsights_sitenote_active":false,"_monsterinsights_sitenote_note":"","_monsterinsights_sitenote_category":0},"product_brand":[],"product_cat":[90,540],"product_tag":[],"class_list":{"0":"post-97306","1":"product","2":"type-product","3":"status-publish","4":"has-post-thumbnail","6":"product_cat-altres","7":"product_cat-otros","9":"first","10":"instock","11":"taxable","12":"shipping-taxable","13":"purchasable","14":"product-type-simple"},"acf":{"autor":"GARCIA BALASCH, TERESA \/ COMELLES, SALVADOR \/ VIL\u00c0 COMAJOAN, CARME","codart":"844894370","libros-coleccion":"FORA DE COL.LECCI\u00d3","ediciones":"1","encuadernacion":"R\u00fastica","fecha_de_publicacion":"01\/06\/2017","novedad":"0","paginas":"264","subtitulo":"ORTOGRAFIA. MORFOLOGIA. FUNCIONS","orden":"0","portada":"0","idioma":"cat","editorial":[{"ID":147525,"post_author":"3","post_date":"2022-10-14 11:51:14","post_date_gmt":"2022-10-14 09:51:14","post_content":"","post_title":"BARCANOVA","post_excerpt":"","post_status":"publish","comment_status":"closed","ping_status":"closed","post_password":"","post_name":"barcanova","to_ping":"","pinged":"","post_modified":"2022-10-14 11:51:14","post_modified_gmt":"2022-10-14 09:51:14","post_content_filtered":"","post_parent":0,"guid":"http:\/\/dev.claret.cat\/editorial\/barcanova\/","menu_order":0,"post_type":"editorial","post_mime_type":"","comment_count":"0","filter":"raw"}],"autores-libros":[{"ID":170214,"post_author":"3","post_date":"2022-10-14 22:33:30","post_date_gmt":"2022-10-14 20:33:30","post_content":"","post_title":"TERESA GARCIA BALASCH","post_excerpt":"","post_status":"publish","comment_status":"closed","ping_status":"closed","post_password":"","post_name":"teresa-garcia-balasch","to_ping":"","pinged":"","post_modified":"2022-10-14 22:33:30","post_modified_gmt":"2022-10-14 20:33:30","post_content_filtered":"","post_parent":0,"guid":"http:\/\/dev.claret.cat\/autor\/teresa-garcia-balasch\/","menu_order":0,"post_type":"autor","post_mime_type":"","comment_count":"0","filter":"raw"},{"ID":168843,"post_author":"3","post_date":"2022-10-14 22:22:24","post_date_gmt":"2022-10-14 20:22:24","post_content":"","post_title":"SALVADOR COMELLES","post_excerpt":"","post_status":"publish","comment_status":"closed","ping_status":"closed","post_password":"","post_name":"salvador-comelles","to_ping":"","pinged":"","post_modified":"2022-10-14 22:22:24","post_modified_gmt":"2022-10-14 20:22:24","post_content_filtered":"","post_parent":0,"guid":"http:\/\/dev.claret.cat\/autor\/salvador-comelles\/","menu_order":0,"post_type":"autor","post_mime_type":"","comment_count":"0","filter":"raw"},{"ID":152388,"post_author":"3","post_date":"2022-10-14 14:48:22","post_date_gmt":"2022-10-14 12:48:22","post_content":"","post_title":"CARME VIL\u00c0 COMAJOAN","post_excerpt":"","post_status":"publish","comment_status":"closed","ping_status":"closed","post_password":"","post_name":"carme-vila-comajoan","to_ping":"","pinged":"","post_modified":"2022-10-14 14:48:22","post_modified_gmt":"2022-10-14 12:48:22","post_content_filtered":"","post_parent":0,"guid":"http:\/\/dev.claret.cat\/autor\/carme-vila-comajoan\/","menu_order":0,"post_type":"autor","post_mime_type":"","comment_count":"0","filter":"raw"}]},"aioseo_notices":[],"_links":{"self":[{"href":"https:\/\/www.claret.cat\/es\/wp-json\/wp\/v2\/product\/97306","targetHints":{"allow":["GET"]}}],"collection":[{"href":"https:\/\/www.claret.cat\/es\/wp-json\/wp\/v2\/product"}],"about":[{"href":"https:\/\/www.claret.cat\/es\/wp-json\/wp\/v2\/types\/product"}],"wp:featuredmedia":[{"embeddable":true,"href":"https:\/\/www.claret.cat\/es\/wp-json\/wp\/v2\/media\/97307"}],"wp:attachment":[{"href":"https:\/\/www.claret.cat\/es\/wp-json\/wp\/v2\/media?parent=97306"}],"wp:term":[{"taxonomy":"product_brand","embeddable":true,"href":"https:\/\/www.claret.cat\/es\/wp-json\/wp\/v2\/product_brand?post=97306"},{"taxonomy":"product_cat","embeddable":true,"href":"https:\/\/www.claret.cat\/es\/wp-json\/wp\/v2\/product_cat?post=97306"},{"taxonomy":"product_tag","embeddable":true,"href":"https:\/\/www.claret.cat\/es\/wp-json\/wp\/v2\/product_tag?post=97306"}],"curies":[{"name":"wp","href":"https:\/\/api.w.org\/{rel}","templated":true}]}}

EL CATALÀ ESCRIT

<p>El Català essencial. Manual d&#8221;autoaprenentatge del català escrit és una eina fonamental per adquirir les nocions principals de la normativa bàsica, consolidar els aprenentatges adquirits o aclarir dubtes i vacil·lacions.<br /> Hi trobareu&#8230;<br /> · La normativa bàsica del català explicada de forma clara i concisa.<br /> · La resolució dels dubtes més freqüents.<br /> · Desenes d&#8221;activitats per practicar i reforçar els coneixements adquirits.<br /> · Els solucionari complet de totes les activitats.</p>
<p> S&#8221;adreça a&#8230;<br /> · Alumnes autodidactes o de classes presencials.<br /> · Persones que necessiten reforçar i practicar els seus coneixements de català escrit.</p>

<p>GARCIA BALASCH, TERESA / COMELLES, SALVADOR / VILÀ COMAJOAN, CARME</p>

GARCIA BALASCH, TERESA / COMELLES, SALVADOR / VILÀ COMAJOAN, CARME

FORA DE COL.LECCIÓ

Rústica

CARME VILÀ COMAJOAN
