{"id":973565,"date":"2024-07-08T13:45:02","date_gmt":"2024-07-08T11:45:02","guid":{"rendered":"https:\/\/www.claret.cat\/llibre\/lescandol-de-nicea-9788412797572\/"},"modified":"2026-03-03T10:15:29","modified_gmt":"2026-03-03T09:15:29","slug":"lescandol-de-nicea-9788412797572","status":"publish","type":"product","link":"https:\/\/www.claret.cat\/es\/libro\/lescandol-de-nicea-9788412797572\/","title":{"rendered":"L&#8217;ESC\u00c0NDOL DE NICEA"},"content":{"rendered":"<p>Una feina d&#8217;assessorament a Carolina, periodista d&#8217;investigaci\u00f3 interessada pels detalls del Concili de Nicea, que l&#8217;any 325 declar\u00e0 que Jes\u00fas de Natzaret era consubstancial amb D\u00e9u \u2013ara fa justament 1700 anys\u2013, treu el narrador de la depressi\u00f3 que pateix despr\u00e9s d&#8217;un accident de cotxe. El sinistre recent, del qual se sent responsable, ha causat la mort de muller i filleta i l&#8217;ha dut a la p\u00e8rdua d&#8217;una fe adulta i conreada. <br \/>Des de cures intensives, on li han salvat la vida, no s&#8217;havia pogut assabentar de la campanya endegada per un capell\u00e0 amic, moss\u00e8n Bernard\u00ed, a fi de fer pressi\u00f3 de cara a la segona fase del S\u00ednode de la Sinodalitat que s&#8217;ha de celebrar a Roma la tardor de 2024, la Plataforma Pels Ministeris a les Dones (PPMD), amb la petici\u00f3 indefugible del conferiment dels ordes majors a les dones. Quan el narrador va a la Biblioteca del Seminari Conciliar de Barcelona per a unes consultes, troba el moss\u00e8n rodejat de gent que li fa costat, plantat all\u00ed al davant dotze hores al dia. Vulgues no vulgues, el fa entrar a l&#8217;organigrama del Secretariat que promou la campanya, la qual s&#8217;est\u00e9n exitosament com una taca d&#8217;oli no sols a Catalunya sin\u00f3 a tota la pell de brau i a l&#8217;estranger. <br \/>La novel\u00b7la abra\u00e7a i trena, doncs, quatre filons: en primer lloc, el del Concili de Nicea, enfront del qual, a mesura que l&#8217;investiga, li va quedant pal\u00e8s que va ser una assemblea escandalosa, maneflejada per l&#8217;emperador Constant\u00ed; segonament, el de la progressiva relaci\u00f3 amb la periodista, amb la qual evoluciona des de la desconfian\u00e7a inicial a una sincera admiraci\u00f3 m\u00fatua fins a ratllar la frontera d&#8217;una eventual i sobtada intimitat; en tercer lloc, el d&#8217;un agnosticisme sobrevingut per l&#8217;accident en la seva fe madura i cr\u00edtica, del qual mai no s&#8217;acaba d&#8217;amarar; finalment, el de la campanya de la PPMD, que, per diverses circumst\u00e0ncies, aconsegueix un gran suport popular i internacional, cosa que el portar\u00e0 a prendre posicions davant del cardenal de Barcelona, fins aconseguir que l&#8217;exig\u00e8ncia de la campanya arribi fins al papa Francesc.<\/p>\n","protected":false},"excerpt":{"rendered":"<p>BUSQUETS I GRABULOSA, LLU\u00cdS<\/p>\n","protected":false},"featured_media":1071873,"template":"","meta":{"_acf_changed":false,"om_disable_all_campaigns":false,"rs_blank_template":"","rs_page_bg_color":"","slide_template_v7":"","inline_featured_image":false,"_monsterinsights_skip_tracking":false,"_monsterinsights_sitenote_active":false,"_monsterinsights_sitenote_note":"","_monsterinsights_sitenote_category":0},"product_brand":[],"product_cat":[130,360],"product_tag":[],"class_list":{"0":"post-973565","1":"product","2":"type-product","3":"status-publish","4":"has-post-thumbnail","6":"product_cat-novella-historica-i-ficcio","7":"product_cat-novela-historica-y-ficcion","9":"first","10":"instock","11":"taxable","12":"shipping-taxable","13":"purchasable","14":"product-type-simple"},"acf":{"autor":"BUSQUETS I GRABULOSA, LLU\u00cdS","codart":"841279757","libros-coleccion":"Cadre noir","ediciones":"1","encuadernacion":"R\u00fastica","fecha_de_publicacion":"01\/05\/2024","novedad":"1","paginas":"368","subtitulo":"","orden":"0","portada":"0","idioma":"cat","editorial":[{"ID":387446,"post_author":"3","post_date":"2023-02-13 10:59:24","post_date_gmt":"2023-02-13 09:59:24","post_content":"","post_title":"Comte d'Aure SL","post_excerpt":"","post_status":"publish","comment_status":"closed","ping_status":"closed","post_password":"","post_name":"comte-daure-sl","to_ping":"","pinged":"","post_modified":"2023-02-13 10:59:24","post_modified_gmt":"2023-02-13 09:59:24","post_content_filtered":"","post_parent":0,"guid":"https:\/\/www.claret.cat\/editorial\/comte-daure-sl\/","menu_order":0,"post_type":"editorial","post_mime_type":"","comment_count":"0","filter":"raw"}],"booktrailer":"","resenas":""},"aioseo_notices":[],"_links":{"self":[{"href":"https:\/\/www.claret.cat\/es\/wp-json\/wp\/v2\/product\/973565","targetHints":{"allow":["GET"]}}],"collection":[{"href":"https:\/\/www.claret.cat\/es\/wp-json\/wp\/v2\/product"}],"about":[{"href":"https:\/\/www.claret.cat\/es\/wp-json\/wp\/v2\/types\/product"}],"wp:featuredmedia":[{"embeddable":true,"href":"https:\/\/www.claret.cat\/es\/wp-json\/wp\/v2\/media\/1071873"}],"wp:attachment":[{"href":"https:\/\/www.claret.cat\/es\/wp-json\/wp\/v2\/media?parent=973565"}],"wp:term":[{"taxonomy":"product_brand","embeddable":true,"href":"https:\/\/www.claret.cat\/es\/wp-json\/wp\/v2\/product_brand?post=973565"},{"taxonomy":"product_cat","embeddable":true,"href":"https:\/\/www.claret.cat\/es\/wp-json\/wp\/v2\/product_cat?post=973565"},{"taxonomy":"product_tag","embeddable":true,"href":"https:\/\/www.claret.cat\/es\/wp-json\/wp\/v2\/product_tag?post=973565"}],"curies":[{"name":"wp","href":"https:\/\/api.w.org\/{rel}","templated":true}]}}

L&#8217;ESCÀNDOL DE NICEA

<p>Una feina d&#8217;assessorament a Carolina, periodista d&#8217;investigació interessada pels detalls del Concili de Nicea, que l&#8217;any 325 declarà que Jesús de Natzaret era consubstancial amb Déu –ara fa justament 1700 anys–, treu el narrador de la depressió que pateix després d&#8217;un accident de cotxe. El sinistre recent, del qual se sent responsable, ha causat la mort de muller i filleta i l&#8217;ha dut a la pèrdua d&#8217;una fe adulta i conreada. <br />Des de cures intensives, on li han salvat la vida, no s&#8217;havia pogut assabentar de la campanya endegada per un capellà amic, mossèn Bernardí, a fi de fer pressió de cara a la segona fase del Sínode de la Sinodalitat que s&#8217;ha de celebrar a Roma la tardor de 2024, la Plataforma Pels Ministeris a les Dones (PPMD), amb la petició indefugible del conferiment dels ordes majors a les dones. Quan el narrador va a la Biblioteca del Seminari Conciliar de Barcelona per a unes consultes, troba el mossèn rodejat de gent que li fa costat, plantat allí al davant dotze hores al dia. Vulgues no vulgues, el fa entrar a l&#8217;organigrama del Secretariat que promou la campanya, la qual s&#8217;estén exitosament com una taca d&#8217;oli no sols a Catalunya sinó a tota la pell de brau i a l&#8217;estranger. <br />La novel·la abraça i trena, doncs, quatre filons: en primer lloc, el del Concili de Nicea, enfront del qual, a mesura que l&#8217;investiga, li va quedant palès que va ser una assemblea escandalosa, maneflejada per l&#8217;emperador Constantí; segonament, el de la progressiva relació amb la periodista, amb la qual evoluciona des de la desconfiança inicial a una sincera admiració mútua fins a ratllar la frontera d&#8217;una eventual i sobtada intimitat; en tercer lloc, el d&#8217;un agnosticisme sobrevingut per l&#8217;accident en la seva fe madura i crítica, del qual mai no s&#8217;acaba d&#8217;amarar; finalment, el de la campanya de la PPMD, que, per diverses circumstàncies, aconsegueix un gran suport popular i internacional, cosa que el portarà a prendre posicions davant del cardenal de Barcelona, fins aconseguir que l&#8217;exigència de la campanya arribi fins al papa Francesc.</p>

<p>BUSQUETS I GRABULOSA, LLUÍS</p>

BUSQUETS I GRABULOSA, LLUÍS

Rústica
