{"id":973653,"date":"2024-07-09T11:35:03","date_gmt":"2024-07-09T09:35:03","guid":{"rendered":"https:\/\/www.claret.cat\/llibre\/memoria-9788423365777\/"},"modified":"2024-07-12T12:16:22","modified_gmt":"2024-07-12T10:16:22","slug":"memoria-9788423365777","status":"publish","type":"product","link":"https:\/\/www.claret.cat\/es\/libro\/memoria-9788423365777\/","title":{"rendered":"MEMORIA"},"content":{"rendered":"<p>Tras el \u00e9xito de la Serie Millennium, vuelve David Lagercrantz con un segundo caso de Rekke y Vargas.Claire Lidman falleci\u00f3 catorce a\u00f1os atr\u00e1s, pero Samuel, su marido, siempre se ha negado a aceptarlo. Cuando un buen d\u00eda cree reconocer su perfil en una fotograf\u00eda tomada delante de la bas\u00edlica de San Marcos, en Venecia, recurrir\u00e1 al profesor de Psicolog\u00eda Hans Rekke y la polic\u00eda Micaela Vargas en busca de ayuda. Los dos se muestran esc\u00e9pticos al principio, pero Rekke descubre indicios sorprendentes. \u00bfEs posible que Claire siga viva? \u00bfqu\u00e9 la llev\u00f3 a desaparecer? \u00bfO s\u00f3lo quieren aceptar el caso como excusa para seguir trabajando juntos?<br \/> La fren\u00e9tica investigaci\u00f3n los llevar\u00e1 atr\u00e1s en el tiempo y Rekke se ver\u00e1 obligado a revivir dolorosos recuerdos de su propio pasado, mientras Micaela deber\u00e1 hacer frente a las amenazas de su despiadado hermano Lucas. Adem\u00e1s, el nuevo amor de Julia, la hija de Rekke, har\u00e1 temblar los cimientos de la ordenada vida del profesor y se ver\u00e1 obligado a enfrentarse, de nuevo, a su terrible enemigo de juventud, Gabor Morovia.<br \/> \u00a0<br \/> Oligarcas de la antigua KGB y corruptos banqueros de la gran crisis de los a\u00f1os noventa desfilan por las trepidantes p\u00e1ginas de MEMORIA, el segundo caso que Hans Rekke y Micaela Vargas deber\u00e1n resolver para dar con la clave de la desaparici\u00f3n de una misteriosa mujer. <br \/> Una investigaci\u00f3n que los obligar\u00e1 a reavivar los miedos que habitan en lo m\u00e1s profundo de sus almas.<\/p>\n","protected":false},"excerpt":{"rendered":"<p>LAGERCRANTZ, DAVID<\/p>\n","protected":false},"featured_media":973885,"template":"","meta":{"_acf_changed":false,"om_disable_all_campaigns":false,"rs_blank_template":"","rs_page_bg_color":"","slide_template_v7":"","inline_featured_image":false,"_monsterinsights_skip_tracking":false,"_monsterinsights_sitenote_active":false,"_monsterinsights_sitenote_note":"","_monsterinsights_sitenote_category":0},"product_brand":[],"product_cat":[308,127,357],"product_tag":[],"class_list":{"0":"post-973653","1":"product","2":"type-product","3":"status-publish","4":"has-post-thumbnail","6":"product_cat-castella","7":"product_cat-novella-contemporania","8":"product_cat-novela-contemporanea","10":"first","11":"instock","12":"taxable","13":"shipping-taxable","14":"purchasable","15":"product-type-simple"},"acf":{"autor":"LAGERCRANTZ, DAVID","codart":"842336577","libros-coleccion":"\u00c1ncora & Delf\u00edn","ediciones":"1","encuadernacion":"Carton\u00e9","fecha_de_publicacion":"01\/07\/2024","novedad":"1","paginas":"525","subtitulo":"UN CASO PARA REKKE Y VARGAS","orden":"10","portada":"0","idioma":"spa","editorial":[{"ID":6182,"post_author":"3","post_date":"2022-07-28 17:46:40","post_date_gmt":"2022-07-28 15:46:40","post_content":"","post_title":"DESTINO, S.L.","post_excerpt":"","post_status":"publish","comment_status":"closed","ping_status":"closed","post_password":"","post_name":"destino-s-l","to_ping":"","pinged":"","post_modified":"2022-07-28 17:46:40","post_modified_gmt":"2022-07-28 15:46:40","post_content_filtered":"","post_parent":0,"guid":"http:\/\/dev.claret.cat\/editorial\/destino-s-l\/","menu_order":0,"post_type":"editorial","post_mime_type":"","comment_count":"0","filter":"raw"}],"booktrailer":"","linkebook":"","ficha":"","muestra":"","precioebook":"0","presentacion":"","resenas":""},"aioseo_notices":[],"_links":{"self":[{"href":"https:\/\/www.claret.cat\/es\/wp-json\/wp\/v2\/product\/973653","targetHints":{"allow":["GET"]}}],"collection":[{"href":"https:\/\/www.claret.cat\/es\/wp-json\/wp\/v2\/product"}],"about":[{"href":"https:\/\/www.claret.cat\/es\/wp-json\/wp\/v2\/types\/product"}],"wp:featuredmedia":[{"embeddable":true,"href":"https:\/\/www.claret.cat\/es\/wp-json\/wp\/v2\/media\/973885"}],"wp:attachment":[{"href":"https:\/\/www.claret.cat\/es\/wp-json\/wp\/v2\/media?parent=973653"}],"wp:term":[{"taxonomy":"product_brand","embeddable":true,"href":"https:\/\/www.claret.cat\/es\/wp-json\/wp\/v2\/product_brand?post=973653"},{"taxonomy":"product_cat","embeddable":true,"href":"https:\/\/www.claret.cat\/es\/wp-json\/wp\/v2\/product_cat?post=973653"},{"taxonomy":"product_tag","embeddable":true,"href":"https:\/\/www.claret.cat\/es\/wp-json\/wp\/v2\/product_tag?post=973653"}],"curies":[{"name":"wp","href":"https:\/\/api.w.org\/{rel}","templated":true}]}}

<p>Tras el éxito de la Serie Millennium, vuelve David Lagercrantz con un segundo caso de Rekke y Vargas.Claire Lidman falleció catorce años atrás, pero Samuel, su marido, siempre se ha negado a aceptarlo. Cuando un buen día cree reconocer su perfil en una fotografía tomada delante de la basílica de San Marcos, en Venecia, recurrirá al profesor de Psicología Hans Rekke y la policía Micaela Vargas en busca de ayuda. Los dos se muestran escépticos al principio, pero Rekke descubre indicios sorprendentes. ¿Es posible que Claire siga viva? ¿qué la llevó a desaparecer? ¿O sólo quieren aceptar el caso como excusa para seguir trabajando juntos?<br /> La frenética investigación los llevará atrás en el tiempo y Rekke se verá obligado a revivir dolorosos recuerdos de su propio pasado, mientras Micaela deberá hacer frente a las amenazas de su despiadado hermano Lucas. Además, el nuevo amor de Julia, la hija de Rekke, hará temblar los cimientos de la ordenada vida del profesor y se verá obligado a enfrentarse, de nuevo, a su terrible enemigo de juventud, Gabor Morovia.<br />  <br /> Oligarcas de la antigua KGB y corruptos banqueros de la gran crisis de los años noventa desfilan por las trepidantes páginas de MEMORIA, el segundo caso que Hans Rekke y Micaela Vargas deberán resolver para dar con la clave de la desaparición de una misteriosa mujer. <br /> Una investigación que los obligará a reavivar los miedos que habitan en lo más profundo de sus almas.</p>

Áncora & Delfín

Cartoné
