{"id":975594,"date":"2024-07-18T13:55:19","date_gmt":"2024-07-18T11:55:19","guid":{"rendered":"https:\/\/www.claret.cat\/llibre\/canicula-9788426148964\/"},"modified":"2024-07-18T13:56:38","modified_gmt":"2024-07-18T11:56:38","slug":"canicula-9788426148964","status":"publish","type":"product","link":"https:\/\/www.claret.cat\/es\/libro\/canicula-9788426148964\/","title":{"rendered":"CAN\u00cdCULA"},"content":{"rendered":"<p>\u00c9s estiu a la ciutat, i el gosset no suporta les voreres cremant, el soroll de les obres, la gent constantment al seu damunt&#8230; No pot m\u00e9s, i al final es planta. La seva mestressa l&#8221;ent\u00e9n i pren una decisi\u00f3.. L&#8221;agafa en bra\u00e7os, crida un taxi, despr\u00e9s pugen a un tren, a un vaixell, i finalment arriben a la platja. Aqu\u00ed, un gosset pot c\u00f3rrer. Un refrescant \u00e0lbum sobre la necess\u00e0ria l&#8221;escapada d&#8221;aquest gosset i la seva mestressa. Compta amb il\u00b7lustracions fluides, text l\u00edric i dos personatges principals que deixaran captivat al lector d&#8221;aquesta hist\u00f2ria. \u00c9s una escapada a la platja que voldrem viure i reviure.<\/p>\n","protected":false},"excerpt":{"rendered":"<p>SALATI, DOUG<\/p>\n","protected":false},"featured_media":975595,"template":"","meta":{"_acf_changed":false,"om_disable_all_campaigns":false,"rs_blank_template":"","rs_page_bg_color":"","slide_template_v7":"","inline_featured_image":false,"_monsterinsights_skip_tracking":false,"_monsterinsights_sitenote_active":false,"_monsterinsights_sitenote_note":"","_monsterinsights_sitenote_category":0},"product_brand":[],"product_cat":[131,361],"product_tag":[],"class_list":{"0":"post-975594","1":"product","2":"type-product","3":"status-publish","4":"has-post-thumbnail","6":"product_cat-contes-per-infants-0-6-anys","7":"product_cat-cuentos-para-ninos-0-6-anos","9":"first","10":"instock","11":"taxable","12":"shipping-taxable","13":"purchasable","14":"product-type-simple"},"acf":{"autor":"SALATI, DOUG","codart":"842614896","libros-coleccion":"\u00c1lbumes ilustrados","ediciones":"1","encuadernacion":"Carton\u00e9","fecha_de_publicacion":"01\/07\/2024","novedad":"1","paginas":"45","subtitulo":"","orden":"0","portada":"0","idioma":"cat","editorial":[{"ID":6226,"post_author":"3","post_date":"2022-07-28 17:47:36","post_date_gmt":"2022-07-28 15:47:36","post_content":"","post_title":"EDITORIAL JUVENTUD","post_excerpt":"","post_status":"publish","comment_status":"closed","ping_status":"closed","post_password":"","post_name":"editorial-juventud","to_ping":"","pinged":"","post_modified":"2022-07-28 17:47:36","post_modified_gmt":"2022-07-28 15:47:36","post_content_filtered":"","post_parent":0,"guid":"http:\/\/dev.claret.cat\/editorial\/editorial-juventud\/","menu_order":0,"post_type":"editorial","post_mime_type":"","comment_count":"0","filter":"raw"}]},"aioseo_notices":[],"_links":{"self":[{"href":"https:\/\/www.claret.cat\/es\/wp-json\/wp\/v2\/product\/975594","targetHints":{"allow":["GET"]}}],"collection":[{"href":"https:\/\/www.claret.cat\/es\/wp-json\/wp\/v2\/product"}],"about":[{"href":"https:\/\/www.claret.cat\/es\/wp-json\/wp\/v2\/types\/product"}],"wp:featuredmedia":[{"embeddable":true,"href":"https:\/\/www.claret.cat\/es\/wp-json\/wp\/v2\/media\/975595"}],"wp:attachment":[{"href":"https:\/\/www.claret.cat\/es\/wp-json\/wp\/v2\/media?parent=975594"}],"wp:term":[{"taxonomy":"product_brand","embeddable":true,"href":"https:\/\/www.claret.cat\/es\/wp-json\/wp\/v2\/product_brand?post=975594"},{"taxonomy":"product_cat","embeddable":true,"href":"https:\/\/www.claret.cat\/es\/wp-json\/wp\/v2\/product_cat?post=975594"},{"taxonomy":"product_tag","embeddable":true,"href":"https:\/\/www.claret.cat\/es\/wp-json\/wp\/v2\/product_tag?post=975594"}],"curies":[{"name":"wp","href":"https:\/\/api.w.org\/{rel}","templated":true}]}}

CANÍCULA

<p>És estiu a la ciutat, i el gosset no suporta les voreres cremant, el soroll de les obres, la gent constantment al seu damunt&#8230; No pot més, i al final es planta. La seva mestressa l&#8221;entén i pren una decisió.. L&#8221;agafa en braços, crida un taxi, després pugen a un tren, a un vaixell, i finalment arriben a la platja. Aquí, un gosset pot córrer. Un refrescant àlbum sobre la necessària l&#8221;escapada d&#8221;aquest gosset i la seva mestressa. Compta amb il·lustracions fluides, text líric i dos personatges principals que deixaran captivat al lector d&#8221;aquesta història. És una escapada a la platja que voldrem viure i reviure.</p>

Álbumes ilustrados

Cartoné
