{"id":975921,"date":"2024-07-22T17:35:47","date_gmt":"2024-07-22T15:35:47","guid":{"rendered":"https:\/\/www.claret.cat\/llibre\/biblia-y-ecologia-nuevas-lecturas-en-un-mundo-herido-9788410630352\/"},"modified":"2025-07-25T10:11:48","modified_gmt":"2025-07-25T08:11:48","slug":"biblia-y-ecologia-nuevas-lecturas-en-un-mundo-herido-9788410630352","status":"publish","type":"product","link":"https:\/\/www.claret.cat\/es\/libro\/biblia-y-ecologia-nuevas-lecturas-en-un-mundo-herido-9788410630352\/","title":{"rendered":"BIBLIA Y ECOLOG\u00cdA -NUEVAS LECTURAS EN UN MUNDO HERIDO"},"content":{"rendered":"<p><span style='color: black'>La Biblia y su mundo nos urgen a escuchar el grito de la Tierra y a ser sensibles a sus necesidades. Este es el paso inexcusable para la construcci\u00f3n de personas y comunidades m\u00e1s humanas y plenas llamadas al cuidado y protecci\u00f3n de toda la creaci\u00f3n. Este libro contiene veinte art\u00edculos que iluminan la realidad de nuestro mundo herido desde textos b\u00edblicos del Antiguo y del Nuevo Testamento y muestran c\u00f3mo esos relatos, aparentemente tan antiguos, pueden responder a las preguntas nacidas de la actual crisis ecol\u00f3gica, animando a nuevas formas, sostenibles y justas, de relacionarnos con nuestro entorno. El elenco internacional de sus autores visibiliza las preocupaciones surgidas en Europa y en Latinoam\u00e9rica. Juntos animan a investigadores y comunidades creyentes a realizar lecturas b\u00edblicas integradoras que no olviden al medioambiente.<\/span><\/p>\n","protected":false},"excerpt":{"rendered":"<p>YEBRA ROVIRA, CARMEN ; ALDAVE MEDRANO , ESTELA<\/p>\n","protected":false},"featured_media":975936,"template":"","meta":{"_acf_changed":false,"om_disable_all_campaigns":false,"rs_blank_template":"","rs_page_bg_color":"","slide_template_v7":"","inline_featured_image":false,"_monsterinsights_skip_tracking":false,"_monsterinsights_sitenote_active":false,"_monsterinsights_sitenote_note":"","_monsterinsights_sitenote_category":0},"product_brand":[],"product_cat":[470,210],"product_tag":[],"class_list":{"0":"post-975921","1":"product","2":"type-product","3":"status-publish","4":"has-post-thumbnail","6":"product_cat-atlas","7":"product_cat-atles","9":"first","10":"instock","11":"taxable","12":"shipping-taxable","13":"purchasable","14":"product-type-simple"},"acf":{"autor":"YEBRA ROVIRA, CARMEN ; ALDAVE MEDRANO , ESTELA","codart":"841063035","libros-coleccion":"","ediciones":"1","encuadernacion":"R\u00fastica","fecha_de_publicacion":"27\/06\/2024","novedad":"1","paginas":"488","subtitulo":"","orden":"0","portada":"0","idioma":"spa","editorial":[{"ID":6390,"post_author":"3","post_date":"2022-07-28 17:51:08","post_date_gmt":"2022-07-28 15:51:08","post_content":"","post_title":"VERBO DIVINO","post_excerpt":"","post_status":"publish","comment_status":"closed","ping_status":"closed","post_password":"","post_name":"verbo-divino","to_ping":"","pinged":"","post_modified":"2022-07-28 17:51:08","post_modified_gmt":"2022-07-28 15:51:08","post_content_filtered":"","post_parent":0,"guid":"http:\/\/dev.claret.cat\/editorial\/verbo-divino\/","menu_order":0,"post_type":"editorial","post_mime_type":"","comment_count":"0","filter":"raw"}],"booktrailer":"","resenas":""},"aioseo_notices":[],"_links":{"self":[{"href":"https:\/\/www.claret.cat\/es\/wp-json\/wp\/v2\/product\/975921","targetHints":{"allow":["GET"]}}],"collection":[{"href":"https:\/\/www.claret.cat\/es\/wp-json\/wp\/v2\/product"}],"about":[{"href":"https:\/\/www.claret.cat\/es\/wp-json\/wp\/v2\/types\/product"}],"wp:featuredmedia":[{"embeddable":true,"href":"https:\/\/www.claret.cat\/es\/wp-json\/wp\/v2\/media\/975936"}],"wp:attachment":[{"href":"https:\/\/www.claret.cat\/es\/wp-json\/wp\/v2\/media?parent=975921"}],"wp:term":[{"taxonomy":"product_brand","embeddable":true,"href":"https:\/\/www.claret.cat\/es\/wp-json\/wp\/v2\/product_brand?post=975921"},{"taxonomy":"product_cat","embeddable":true,"href":"https:\/\/www.claret.cat\/es\/wp-json\/wp\/v2\/product_cat?post=975921"},{"taxonomy":"product_tag","embeddable":true,"href":"https:\/\/www.claret.cat\/es\/wp-json\/wp\/v2\/product_tag?post=975921"}],"curies":[{"name":"wp","href":"https:\/\/api.w.org\/{rel}","templated":true}]}}

BIBLIA Y ECOLOGÍA -NUEVAS LECTURAS EN UN MUNDO HERIDO

<p><span style='color: black'>La Biblia y su mundo nos urgen a escuchar el grito de la Tierra y a ser sensibles a sus necesidades. Este es el paso inexcusable para la construcción de personas y comunidades más humanas y plenas llamadas al cuidado y protección de toda la creación. Este libro contiene veinte artículos que iluminan la realidad de nuestro mundo herido desde textos bíblicos del Antiguo y del Nuevo Testamento y muestran cómo esos relatos, aparentemente tan antiguos, pueden responder a las preguntas nacidas de la actual crisis ecológica, animando a nuevas formas, sostenibles y justas, de relacionarnos con nuestro entorno. El elenco internacional de sus autores visibiliza las preocupaciones surgidas en Europa y en Latinoamérica. Juntos animan a investigadores y comunidades creyentes a realizar lecturas bíblicas integradoras que no olviden al medioambiente.</span></p>

Rústica
