{"id":976460,"date":"2024-08-27T11:30:11","date_gmt":"2024-08-27T09:30:11","guid":{"rendered":"https:\/\/www.claret.cat\/llibre\/diari-del-ger-1-mai-facis-campana-9788413898889\/"},"modified":"2025-10-20T19:26:18","modified_gmt":"2025-10-20T17:26:18","slug":"diari-del-ger-1-mai-facis-campana-9788413898889","status":"publish","type":"product","link":"https:\/\/www.claret.cat\/es\/libro\/diari-del-ger-1-mai-facis-campana-9788413898889\/","title":{"rendered":"DIARI DEL GER 1. MAI FACIS CAMPANA!"},"content":{"rendered":"<p>Arriben les aventures de Geronimo Stilton de quan era petit, relatades al seu diari personal!Per si encara no el coneixeu: es diu Geronimo, Geronimo Stilton, per\u00f2 com que \u00e9s un nom massa llarg, li podeu dir Ger. T\u00e9 dotze anys, va a l&#x2019;institut de Ratalona i, si veu un cartell que diu PERILL: PER AQU\u00cd, nom\u00e9s fa una cosa. Seguir-lo!<br \/> Us presentem\u00a0el diari personal de Geronimo Stilton.<br \/> Aqu\u00ed trobareu les aventures m\u00e9s divertides i estramb\u00f2tiques del ratol\u00ed m\u00e9s fam\u00f3s quan anava a l&#8221;escola.<\/p>\n","protected":false},"excerpt":{"rendered":"<p>STILTON, GERONIMO<\/p>\n","protected":false},"featured_media":977205,"template":"","meta":{"_acf_changed":false,"om_disable_all_campaigns":false,"rs_blank_template":"","rs_page_bg_color":"","slide_template_v7":"","inline_featured_image":false,"_monsterinsights_skip_tracking":false,"_monsterinsights_sitenote_active":false,"_monsterinsights_sitenote_note":"","_monsterinsights_sitenote_category":0},"product_brand":[],"product_cat":[132,362],"product_tag":[],"class_list":{"0":"post-976460","1":"product","2":"type-product","3":"status-publish","4":"has-post-thumbnail","6":"product_cat-lectures-per-preadolescents-6-12-anys","7":"product_cat-libros-preadolescentes-6-12-anos","9":"first","10":"instock","11":"taxable","12":"shipping-taxable","13":"purchasable","14":"product-type-simple"},"acf":{"autor":"STILTON, GERONIMO","codart":"841389888","libros-coleccion":"FORA DE COL.LECCI\u00d3","ediciones":"1","encuadernacion":"Carton\u00e9","fecha_de_publicacion":"01\/08\/2024","novedad":"1","paginas":"192","subtitulo":"","orden":"0","portada":"0","idioma":"cat","editorial":[{"ID":6249,"post_author":"3","post_date":"2022-07-28 17:48:09","post_date_gmt":"2022-07-28 15:48:09","post_content":"","post_title":"Estrella Polar","post_excerpt":"","post_status":"publish","comment_status":"closed","ping_status":"closed","post_password":"","post_name":"estrella-polar","to_ping":"","pinged":"","post_modified":"2022-07-28 17:48:09","post_modified_gmt":"2022-07-28 15:48:09","post_content_filtered":"","post_parent":0,"guid":"http:\/\/dev.claret.cat\/editorial\/estrella-polar\/","menu_order":0,"post_type":"editorial","post_mime_type":"","comment_count":"0","filter":"raw"}],"booktrailer":"","resenas":""},"aioseo_notices":[],"_links":{"self":[{"href":"https:\/\/www.claret.cat\/es\/wp-json\/wp\/v2\/product\/976460","targetHints":{"allow":["GET"]}}],"collection":[{"href":"https:\/\/www.claret.cat\/es\/wp-json\/wp\/v2\/product"}],"about":[{"href":"https:\/\/www.claret.cat\/es\/wp-json\/wp\/v2\/types\/product"}],"wp:featuredmedia":[{"embeddable":true,"href":"https:\/\/www.claret.cat\/es\/wp-json\/wp\/v2\/media\/977205"}],"wp:attachment":[{"href":"https:\/\/www.claret.cat\/es\/wp-json\/wp\/v2\/media?parent=976460"}],"wp:term":[{"taxonomy":"product_brand","embeddable":true,"href":"https:\/\/www.claret.cat\/es\/wp-json\/wp\/v2\/product_brand?post=976460"},{"taxonomy":"product_cat","embeddable":true,"href":"https:\/\/www.claret.cat\/es\/wp-json\/wp\/v2\/product_cat?post=976460"},{"taxonomy":"product_tag","embeddable":true,"href":"https:\/\/www.claret.cat\/es\/wp-json\/wp\/v2\/product_tag?post=976460"}],"curies":[{"name":"wp","href":"https:\/\/api.w.org\/{rel}","templated":true}]}}

<p>Arriben les aventures de Geronimo Stilton de quan era petit, relatades al seu diari personal!Per si encara no el coneixeu: es diu Geronimo, Geronimo Stilton, però com que és un nom massa llarg, li podeu dir Ger. Té dotze anys, va a l&#x2019;institut de Ratalona i, si veu un cartell que diu PERILL: PER AQUÍ, només fa una cosa. Seguir-lo!<br /> Us presentem el diari personal de Geronimo Stilton.<br /> Aquí trobareu les aventures més divertides i estrambòtiques del ratolí més famós quan anava a l&#8221;escola.</p>

FORA DE COL.LECCIÓ

Cartoné
