{"id":97931,"date":"2022-10-12T07:18:46","date_gmt":"2022-10-12T05:18:46","guid":{"rendered":"http:\/\/dev.claret.cat\/producte\/al-final-todo-va-a-salir-bien\/"},"modified":"2023-06-28T12:45:21","modified_gmt":"2023-06-28T10:45:21","slug":"al-final-todo-va-a-salir-bien-9788494583889","status":"publish","type":"product","link":"https:\/\/www.claret.cat\/es\/libro\/al-final-todo-va-a-salir-bien-9788494583889\/","title":{"rendered":"AL FINAL TODO VA A SALIR BIEN"},"content":{"rendered":"<p> Este es un libro totalmente necesario para el momento que vivimos, por ser m\u00e1s que esperanzador.<\/p>\n<p>Por un lado, nos ofrece una interpretaci\u00f3n distinta de la situaci\u00f3n que estamos viviendo que nos permite mantener la perspectiva y encontrar un sentido alejado de los mensajes catastrofistas habituales.<\/p>\n<p>Por otro, para sobrellevar el contexto actual de miedo y desconcierto, Christina nos comparte aqu\u00ed una serie de recomendaciones pr\u00e1cticas para mantenernos positivos y plenos.<br \/>Tambi\u00e9n nos anima a dejar de responsabilizar a los pol\u00edticos y a preguntarnos qu\u00e9 podemos hacer como individuos para que este sistema destructivo y agotado se convierta al final en algo bueno.<\/p>\n<p>Este peque\u00f1o libro transmite un gran coraje y nos infunde la certeza de que podemos crear y que de hecho crearemos nosotros mismos ese cielo en la Tierra que tanto deseamos.<\/p>\n","protected":false},"excerpt":{"rendered":"<p>VON DREIEN,CHRISTINA<\/p>\n","protected":false},"featured_media":97932,"template":"","meta":{"_acf_changed":false,"om_disable_all_campaigns":false,"rs_blank_template":"","rs_page_bg_color":"","slide_template_v7":"","inline_featured_image":false,"_monsterinsights_skip_tracking":false,"_monsterinsights_sitenote_active":false,"_monsterinsights_sitenote_note":"","_monsterinsights_sitenote_category":0},"product_brand":[],"product_cat":[288,514],"product_tag":[],"class_list":{"0":"post-97931","1":"product","2":"type-product","3":"status-publish","4":"has-post-thumbnail","6":"product_cat-moral-fonamental","7":"product_cat-moral-fundamental","9":"first","10":"instock","11":"taxable","12":"shipping-taxable","13":"purchasable","14":"product-type-simple"},"acf":{"editorial":[{"ID":148138,"post_author":"3","post_date":"2022-10-14 11:55:56","post_date_gmt":"2022-10-14 09:55:56","post_content":"","post_title":"FARO EDITORIAL","post_excerpt":"","post_status":"publish","comment_status":"closed","ping_status":"closed","post_password":"","post_name":"faro-editorial","to_ping":"","pinged":"","post_modified":"2022-10-14 11:55:56","post_modified_gmt":"2022-10-14 09:55:56","post_content_filtered":"","post_parent":0,"guid":"http:\/\/dev.claret.cat\/editorial\/faro-editorial\/","menu_order":0,"post_type":"editorial","post_mime_type":"","comment_count":"0","filter":"raw"}],"autor":"VON DREIEN,CHRISTINA","codart":"849458388","libros-coleccion":"Espiritualidad","ediciones":"1","encuadernacion":"Carpeta","fecha_de_publicacion":"01\/01\/2021","novedad":"1","paginas":"97","subtitulo":"","orden":"0","portada":"0","idioma":"spa","autores-libros":[{"ID":152926,"post_author":"3","post_date":"2022-10-14 14:52:41","post_date_gmt":"2022-10-14 12:52:41","post_content":"","post_title":"CHRISTINA VON DREIEN","post_excerpt":"","post_status":"publish","comment_status":"closed","ping_status":"closed","post_password":"","post_name":"christina-von-dreien","to_ping":"","pinged":"","post_modified":"2022-10-14 14:52:41","post_modified_gmt":"2022-10-14 12:52:41","post_content_filtered":"","post_parent":0,"guid":"http:\/\/dev.claret.cat\/autor\/christina-von-dreien\/","menu_order":0,"post_type":"autor","post_mime_type":"","comment_count":"0","filter":"raw"}]},"aioseo_notices":[],"_links":{"self":[{"href":"https:\/\/www.claret.cat\/es\/wp-json\/wp\/v2\/product\/97931","targetHints":{"allow":["GET"]}}],"collection":[{"href":"https:\/\/www.claret.cat\/es\/wp-json\/wp\/v2\/product"}],"about":[{"href":"https:\/\/www.claret.cat\/es\/wp-json\/wp\/v2\/types\/product"}],"wp:featuredmedia":[{"embeddable":true,"href":"https:\/\/www.claret.cat\/es\/wp-json\/wp\/v2\/media\/97932"}],"wp:attachment":[{"href":"https:\/\/www.claret.cat\/es\/wp-json\/wp\/v2\/media?parent=97931"}],"wp:term":[{"taxonomy":"product_brand","embeddable":true,"href":"https:\/\/www.claret.cat\/es\/wp-json\/wp\/v2\/product_brand?post=97931"},{"taxonomy":"product_cat","embeddable":true,"href":"https:\/\/www.claret.cat\/es\/wp-json\/wp\/v2\/product_cat?post=97931"},{"taxonomy":"product_tag","embeddable":true,"href":"https:\/\/www.claret.cat\/es\/wp-json\/wp\/v2\/product_tag?post=97931"}],"curies":[{"name":"wp","href":"https:\/\/api.w.org\/{rel}","templated":true}]}}

<p> Este es un libro totalmente necesario para el momento que vivimos, por ser más que esperanzador.</p>
<p>Por un lado, nos ofrece una interpretación distinta de la situación que estamos viviendo que nos permite mantener la perspectiva y encontrar un sentido alejado de los mensajes catastrofistas habituales.</p>
<p>Por otro, para sobrellevar el contexto actual de miedo y desconcierto, Christina nos comparte aquí una serie de recomendaciones prácticas para mantenernos positivos y plenos.<br />También nos anima a dejar de responsabilizar a los políticos y a preguntarnos qué podemos hacer como individuos para que este sistema destructivo y agotado se convierta al final en algo bueno.</p>
<p>Este pequeño libro transmite un gran coraje y nos infunde la certeza de que podemos crear y que de hecho crearemos nosotros mismos ese cielo en la Tierra que tanto deseamos.</p>
