{"id":979678,"date":"2024-09-16T15:55:01","date_gmt":"2024-09-16T13:55:01","guid":{"rendered":"https:\/\/www.claret.cat\/llibre\/xarxes-invisible-2-9788418050749\/"},"modified":"2026-04-28T18:40:40","modified_gmt":"2026-04-28T16:40:40","slug":"xarxes-invisible-2-9788418050749","status":"publish","type":"product","link":"https:\/\/www.claret.cat\/es\/libro\/xarxes-invisible-2-9788418050749\/","title":{"rendered":"XARXES (INVISIBLE 2)"},"content":{"rendered":"<p>Emotiva, commovedora, diferent&#8230;&nbsp;<a href='https:\/\/www.claret.cat\/llibre\/invisible-edicio-en-catala-9788417605506\/?c=' rel='noopener noreferrer' target='_blank'> <strong>La continuaci\u00f3 d<em>&#8216;Invisible<\/em> <\/strong><\/a>d&#8217;Eloy Moreno <em>Xarxes<\/em>&nbsp;narra, a trav\u00e9s dels ulls d&#8217;una adolescent, una hist\u00f2ria que s&#8217;ha convertit en la realitat de tots nosaltres.<\/p>\n<p>Quants&nbsp;<em>likes<\/em>&nbsp;val la teva felicitat?<\/p>\n<p>Es passa unes quantes hores m\u00e9s veient els viatges meravellosos, els cossos perfectes i tots els&nbsp;<em>outfits<\/em>&nbsp;que s&#8217;emproven cada dia els&nbsp;<em>influencers<\/em>. I se sent malament perqu\u00e8 ella no pot portar el ritme de vida que veu a les xarxes, sap que una felicitat aix\u00ed no la podr\u00e0 assolir mai.<\/p>\n","protected":false},"excerpt":{"rendered":"<p>MORENO, ELOY<\/p>\n","protected":false},"featured_media":1013507,"template":"","meta":{"_acf_changed":false,"om_disable_all_campaigns":false,"rs_blank_template":"","rs_page_bg_color":"","slide_template_v7":"","inline_featured_image":false,"_monsterinsights_skip_tracking":false,"_monsterinsights_sitenote_active":false,"_monsterinsights_sitenote_note":"","_monsterinsights_sitenote_category":0},"product_brand":[],"product_cat":[133,307,117,566,363,89],"product_tag":[],"class_list":{"0":"post-979678","1":"product","2":"type-product","3":"status-publish","4":"has-post-thumbnail","6":"product_cat-lectures-per-adolescents-12-18-anys","7":"product_cat-catala","8":"product_cat-juvenil","9":"product_cat-juvenil-3_infantil-juvenil-spa-spa","10":"product_cat-lecturas-por-adolescentes-12-18-anos","11":"product_cat-els-mes-venuts","13":"first","14":"instock","15":"taxable","16":"shipping-taxable","17":"purchasable","18":"product-type-simple"},"acf":{"autor":"MORENO, ELOY","codart":"841805074","libros-coleccion":"","ediciones":"1","encuadernacion":"R\u00fastica","fecha_de_publicacion":"19\/09\/2024","novedad":"1","paginas":"279","subtitulo":"","orden":"7","portada":"1","idioma":"cat","editorial":[{"ID":148591,"post_author":"3","post_date":"2022-10-14 11:59:26","post_date_gmt":"2022-10-14 09:59:26","post_content":"","post_title":"NUBE DE TINTA","post_excerpt":"","post_status":"publish","comment_status":"closed","ping_status":"closed","post_password":"","post_name":"nube-de-tinta","to_ping":"","pinged":"","post_modified":"2022-10-14 11:59:26","post_modified_gmt":"2022-10-14 09:59:26","post_content_filtered":"","post_parent":0,"guid":"http:\/\/dev.claret.cat\/editorial\/nube-de-tinta\/","menu_order":0,"post_type":"editorial","post_mime_type":"","comment_count":"0","filter":"raw"}],"booktrailer":"","linkebook":"","ficha":"","muestra":"","precioebook":"0","presentacion":"","resenas":"","autores-libros":"","traductores-libros":"","ilustradores-libros":"","formato":"","ebookportada":false,"recomendamos":"","mas_vendido":""},"aioseo_notices":[],"_links":{"self":[{"href":"https:\/\/www.claret.cat\/es\/wp-json\/wp\/v2\/product\/979678","targetHints":{"allow":["GET"]}}],"collection":[{"href":"https:\/\/www.claret.cat\/es\/wp-json\/wp\/v2\/product"}],"about":[{"href":"https:\/\/www.claret.cat\/es\/wp-json\/wp\/v2\/types\/product"}],"wp:featuredmedia":[{"embeddable":true,"href":"https:\/\/www.claret.cat\/es\/wp-json\/wp\/v2\/media\/1013507"}],"wp:attachment":[{"href":"https:\/\/www.claret.cat\/es\/wp-json\/wp\/v2\/media?parent=979678"}],"wp:term":[{"taxonomy":"product_brand","embeddable":true,"href":"https:\/\/www.claret.cat\/es\/wp-json\/wp\/v2\/product_brand?post=979678"},{"taxonomy":"product_cat","embeddable":true,"href":"https:\/\/www.claret.cat\/es\/wp-json\/wp\/v2\/product_cat?post=979678"},{"taxonomy":"product_tag","embeddable":true,"href":"https:\/\/www.claret.cat\/es\/wp-json\/wp\/v2\/product_tag?post=979678"}],"curies":[{"name":"wp","href":"https:\/\/api.w.org\/{rel}","templated":true}]}}

<p>Emotiva, commovedora, diferent&#8230;&nbsp;<a href='https://www.claret.cat/llibre/invisible-edicio-en-catala-9788417605506/?c=' rel='noopener noreferrer' target='_blank'> <strong>La continuació d<em>&#8216;Invisible</em> </strong></a>d&#8217;Eloy Moreno <em>Xarxes</em>&nbsp;narra, a través dels ulls d&#8217;una adolescent, una història que s&#8217;ha convertit en la realitat de tots nosaltres.</p>
<p>Quants&nbsp;<em>likes</em>&nbsp;val la teva felicitat?</p>
<p>Es passa unes quantes hores més veient els viatges meravellosos, els cossos perfectes i tots els&nbsp;<em>outfits</em>&nbsp;que s&#8217;emproven cada dia els&nbsp;<em>influencers</em>. I se sent malament perquè ella no pot portar el ritme de vida que veu a les xarxes, sap que una felicitat així no la podrà assolir mai.</p>

Rústica
