{"id":979794,"date":"2024-09-16T16:50:27","date_gmt":"2024-09-16T14:50:27","guid":{"rendered":"https:\/\/www.claret.cat\/llibre\/como-impulsar-la-inteligencia-colectiva-9788410523791\/"},"modified":"2024-09-16T18:30:28","modified_gmt":"2024-09-16T16:30:28","slug":"como-impulsar-la-inteligencia-colectiva-9788410523791","status":"publish","type":"product","link":"https:\/\/www.claret.cat\/es\/libro\/como-impulsar-la-inteligencia-colectiva-9788410523791\/","title":{"rendered":"C\u00d3MO IMPULSAR LA INTELIGENCIA COLECTIVA"},"content":{"rendered":"<p>Las personas participamos de manera activa y consciente cuando nos implicamos en la b\u00fasqueda de soluciones a retos comunes. Este libro te ayudar\u00e1 a comprender, con numerosos ejemplos, las ventajas de la participaci\u00f3n, anim\u00e1ndote a introducirla en procesos y actividades donde actualmente no se practica. Adem\u00e1s, te servir\u00e1 para aprender a dise\u00f1arla y gestionarla, con el fin de que consigas los mejores resultados posibles. Los 101 principios de dise\u00f1o contenidos en esta obra se presentan como peque\u00f1as p\u00edldoras de lectura \u00e1gil y contenido directo. Lo que aqu\u00ed se expone es aplicable a \u00e1mbitos tan variados como un club de lectura, un coro, una asociaci\u00f3n de senderismo o una comunidad de vecinos. Tambi\u00e9n es \u00fatil en una empresa relativamente grande o una instituci\u00f3n p\u00fablica. Y, por supuesto, en un barrio, un pueblo, una gran ciudad e incluso un pa\u00eds. Hoy en d\u00eda, la palabra participaci\u00f3n est\u00e1 en crisis. Es cierto que, a veces, juntos somos menos inteligentes que por separado. Sin embargo, la tesis central de este libro es que un buen dise\u00f1o de la participaci\u00f3n previene la estupidez colectiva. Para demostrarlo, se id<\/p>\n","protected":false},"excerpt":{"rendered":"<p>REY, AMALIO A.<\/p>\n","protected":false},"featured_media":979898,"template":"","meta":{"_acf_changed":false,"om_disable_all_campaigns":false,"rs_blank_template":"","rs_page_bg_color":"","slide_template_v7":"","inline_featured_image":false,"_monsterinsights_skip_tracking":false,"_monsterinsights_sitenote_active":false,"_monsterinsights_sitenote_note":"","_monsterinsights_sitenote_category":0},"product_brand":[],"product_cat":[187,452,190,382],"product_tag":[],"class_list":{"0":"post-979794","1":"product","2":"type-product","3":"status-publish","4":"has-post-thumbnail","6":"product_cat-organitzacio-i-gestio","7":"product_cat-organizacion-y-gestion","8":"product_cat-orientacio-professional-pedagogia-2_humanitats","9":"product_cat-orientacion-profesional","11":"first","12":"instock","13":"taxable","14":"shipping-taxable","15":"purchasable","16":"product-type-simple"},"acf":{"autor":"REY, AMALIO A.","codart":"841052379","libros-coleccion":"Ensayo","ediciones":"1","encuadernacion":"Carpeta","fecha_de_publicacion":"01\/09\/2024","novedad":"1","paginas":"301","subtitulo":"","orden":"0","portada":"0","idioma":"spa","editorial":[{"ID":147919,"post_author":"3","post_date":"2022-10-14 11:54:15","post_date_gmt":"2022-10-14 09:54:15","post_content":"","post_title":"EDITORIAL ALMUZARA","post_excerpt":"","post_status":"publish","comment_status":"closed","ping_status":"closed","post_password":"","post_name":"editorial-almuzara","to_ping":"","pinged":"","post_modified":"2022-10-14 11:54:15","post_modified_gmt":"2022-10-14 09:54:15","post_content_filtered":"","post_parent":0,"guid":"http:\/\/dev.claret.cat\/editorial\/editorial-almuzara\/","menu_order":0,"post_type":"editorial","post_mime_type":"","comment_count":"0","filter":"raw"}]},"aioseo_notices":[],"_links":{"self":[{"href":"https:\/\/www.claret.cat\/es\/wp-json\/wp\/v2\/product\/979794","targetHints":{"allow":["GET"]}}],"collection":[{"href":"https:\/\/www.claret.cat\/es\/wp-json\/wp\/v2\/product"}],"about":[{"href":"https:\/\/www.claret.cat\/es\/wp-json\/wp\/v2\/types\/product"}],"wp:featuredmedia":[{"embeddable":true,"href":"https:\/\/www.claret.cat\/es\/wp-json\/wp\/v2\/media\/979898"}],"wp:attachment":[{"href":"https:\/\/www.claret.cat\/es\/wp-json\/wp\/v2\/media?parent=979794"}],"wp:term":[{"taxonomy":"product_brand","embeddable":true,"href":"https:\/\/www.claret.cat\/es\/wp-json\/wp\/v2\/product_brand?post=979794"},{"taxonomy":"product_cat","embeddable":true,"href":"https:\/\/www.claret.cat\/es\/wp-json\/wp\/v2\/product_cat?post=979794"},{"taxonomy":"product_tag","embeddable":true,"href":"https:\/\/www.claret.cat\/es\/wp-json\/wp\/v2\/product_tag?post=979794"}],"curies":[{"name":"wp","href":"https:\/\/api.w.org\/{rel}","templated":true}]}}

CÓMO IMPULSAR LA INTELIGENCIA COLECTIVA

<p>Las personas participamos de manera activa y consciente cuando nos implicamos en la búsqueda de soluciones a retos comunes. Este libro te ayudará a comprender, con numerosos ejemplos, las ventajas de la participación, animándote a introducirla en procesos y actividades donde actualmente no se practica. Además, te servirá para aprender a diseñarla y gestionarla, con el fin de que consigas los mejores resultados posibles. Los 101 principios de diseño contenidos en esta obra se presentan como pequeñas píldoras de lectura ágil y contenido directo. Lo que aquí se expone es aplicable a ámbitos tan variados como un club de lectura, un coro, una asociación de senderismo o una comunidad de vecinos. También es útil en una empresa relativamente grande o una institución pública. Y, por supuesto, en un barrio, un pueblo, una gran ciudad e incluso un país. Hoy en día, la palabra participación está en crisis. Es cierto que, a veces, juntos somos menos inteligentes que por separado. Sin embargo, la tesis central de este libro es que un buen diseño de la participación previene la estupidez colectiva. Para demostrarlo, se id</p>
