{"id":980660,"date":"2024-09-19T14:05:43","date_gmt":"2024-09-19T12:05:43","guid":{"rendered":"https:\/\/www.claret.cat\/llibre\/aquesta-canco-no-9788410161177\/"},"modified":"2024-09-27T16:11:05","modified_gmt":"2024-09-27T14:11:05","slug":"aquesta-canco-no-9788410161177","status":"publish","type":"product","link":"https:\/\/www.claret.cat\/es\/libro\/aquesta-canco-no-9788410161177\/","title":{"rendered":"AQUESTA CAN\u00c7\u00d3, NO!"},"content":{"rendered":"<p>Una hist\u00f2ria tan real com dif\u00edcil de creure <\/p>\n<p> Fa cinquanta anys, durant el franquisme, l&#8217;ofici de censor podia semblar una manera com qualsevol altra de guanyar-se la vida. El moviment cultural de la Nova Can\u00e7\u00f3 va ser una de les dianes principals de la l&#8217;obsessi\u00f3 inquisidora del r\u00e8gim, i la persecuci\u00f3 que van patir els artistes d&#x2019;aquest moviment va ser salvatge; exponencial a l&#x2019;\u00e8xit que van tenir. Saber qui va exercir la repressi\u00f3, com i per qu\u00e8: aquest ha estat l&#8217;objecte d&#8217;investigaci\u00f3 de Maria Salicr\u00fa-Maltas durant m\u00e9s de vint anys, que surt a la llum en una cr\u00f2nica trepidant carregada d&#8221;aportacions in\u00e8dites i de viv\u00e8ncies personals reveladores. L&#8217;autora ha aconseguit fer parlar per primera vegada alguns d&#8217;aquells censors, i n&#8217;ha identificat molts altres que ja no poden o no volen parlar. <\/p>\n<p> Un llibre de mem\u00f2ria hist\u00f2rica viva i present: de com continuen digerint la repressi\u00f3 tant els qui la van patir com els qui la van exercir; dels enganys i les ficcions que genera el record. I un testimoni honest del frenes\u00ed que experimenta una jove investigadora quan s&#8217;adona que ha aconseguit, per fi, entrar a la gola del llop.<\/p>\n<p> \u00b7\u00b7\u00b7\u00b7\u00b7\u00b7\u00b7\u00b7\u00b7\u00b7\u00b7\u00b7\u00b7\u00b7\u00b7\u00b7\u00b7\u00b7\u00b7\u00b7\u00b7\u00b7\u00b7\u00b7\u00b7\u00b7\u00b7\u00b7\u00b7\u00b7\u00b7\u00b7\u00b7\u00b7\u00b7\u00b7\u00b7\u00b7<\/p>\n<p> \u00abQu\u00e8 passa quan, quaranta anys despr\u00e9s, truques a la porta de casa dels censors de la Nova Can\u00e7\u00f3? Passen coses ins\u00f2lites: passa aquest llibre\u00bb<br \/> &#x2014;Pl\u00e0cid Garcia-Planas<\/p>\n","protected":false},"excerpt":{"rendered":"<p>SALICR\u00da-MALTAS, MARIA<\/p>\n","protected":false},"featured_media":982459,"template":"","meta":{"_acf_changed":false,"om_disable_all_campaigns":false,"rs_blank_template":"","rs_page_bg_color":"","slide_template_v7":"","inline_featured_image":false,"_monsterinsights_skip_tracking":false,"_monsterinsights_sitenote_active":false,"_monsterinsights_sitenote_note":"","_monsterinsights_sitenote_category":0},"product_brand":[],"product_cat":[430,153,111,332],"product_tag":[],"class_list":{"0":"post-980660","1":"product","2":"type-product","3":"status-publish","4":"has-post-thumbnail","6":"product_cat-cataluna","7":"product_cat-catalunya","8":"product_cat-musica","9":"product_cat-musica-4_escolar-spa","11":"first","12":"instock","13":"taxable","14":"shipping-taxable","15":"purchasable","16":"product-type-simple"},"acf":{"autor":"SALICR\u00da-MALTAS, MARIA","codart":"841016117","libros-coleccion":"FORA DE COL.LECCI\u00d3","ediciones":"1","encuadernacion":"R\u00fastica","fecha_de_publicacion":"01\/09\/2024","novedad":"1","paginas":"320","subtitulo":"","orden":"0","portada":"0","idioma":"cat","editorial":[{"ID":6222,"post_author":"3","post_date":"2022-07-28 17:47:31","post_date_gmt":"2022-07-28 15:47:31","post_content":"","post_title":"Editorial Comanegra","post_excerpt":"","post_status":"publish","comment_status":"closed","ping_status":"closed","post_password":"","post_name":"editorial-comanegra","to_ping":"","pinged":"","post_modified":"2022-07-28 17:47:31","post_modified_gmt":"2022-07-28 15:47:31","post_content_filtered":"","post_parent":0,"guid":"http:\/\/dev.claret.cat\/editorial\/editorial-comanegra\/","menu_order":0,"post_type":"editorial","post_mime_type":"","comment_count":"0","filter":"raw"}]},"aioseo_notices":[],"_links":{"self":[{"href":"https:\/\/www.claret.cat\/es\/wp-json\/wp\/v2\/product\/980660","targetHints":{"allow":["GET"]}}],"collection":[{"href":"https:\/\/www.claret.cat\/es\/wp-json\/wp\/v2\/product"}],"about":[{"href":"https:\/\/www.claret.cat\/es\/wp-json\/wp\/v2\/types\/product"}],"wp:featuredmedia":[{"embeddable":true,"href":"https:\/\/www.claret.cat\/es\/wp-json\/wp\/v2\/media\/982459"}],"wp:attachment":[{"href":"https:\/\/www.claret.cat\/es\/wp-json\/wp\/v2\/media?parent=980660"}],"wp:term":[{"taxonomy":"product_brand","embeddable":true,"href":"https:\/\/www.claret.cat\/es\/wp-json\/wp\/v2\/product_brand?post=980660"},{"taxonomy":"product_cat","embeddable":true,"href":"https:\/\/www.claret.cat\/es\/wp-json\/wp\/v2\/product_cat?post=980660"},{"taxonomy":"product_tag","embeddable":true,"href":"https:\/\/www.claret.cat\/es\/wp-json\/wp\/v2\/product_tag?post=980660"}],"curies":[{"name":"wp","href":"https:\/\/api.w.org\/{rel}","templated":true}]}}

AQUESTA CANÇÓ, NO!

<p>Una història tan real com difícil de creure </p>
<p> Fa cinquanta anys, durant el franquisme, l&#8217;ofici de censor podia semblar una manera com qualsevol altra de guanyar-se la vida. El moviment cultural de la Nova Cançó va ser una de les dianes principals de la l&#8217;obsessió inquisidora del règim, i la persecució que van patir els artistes d&#x2019;aquest moviment va ser salvatge; exponencial a l&#x2019;èxit que van tenir. Saber qui va exercir la repressió, com i per què: aquest ha estat l&#8217;objecte d&#8217;investigació de Maria Salicrú-Maltas durant més de vint anys, que surt a la llum en una crònica trepidant carregada d&#8221;aportacions inèdites i de vivències personals reveladores. L&#8217;autora ha aconseguit fer parlar per primera vegada alguns d&#8217;aquells censors, i n&#8217;ha identificat molts altres que ja no poden o no volen parlar. </p>
<p> Un llibre de memòria històrica viva i present: de com continuen digerint la repressió tant els qui la van patir com els qui la van exercir; dels enganys i les ficcions que genera el record. I un testimoni honest del frenesí que experimenta una jove investigadora quan s&#8217;adona que ha aconseguit, per fi, entrar a la gola del llop.</p>
<p> ······································</p>
<p> «Què passa quan, quaranta anys després, truques a la porta de casa dels censors de la Nova Cançó? Passen coses insòlites: passa aquest llibre»<br /> &#x2014;Plàcid Garcia-Planas</p>

<p>SALICRÚ-MALTAS, MARIA</p>

SALICRÚ-MALTAS, MARIA

FORA DE COL.LECCIÓ

Rústica
