{"id":98078,"date":"2022-10-12T07:20:44","date_gmt":"2022-10-12T05:20:44","guid":{"rendered":"http:\/\/dev.claret.cat\/producte\/los-meses-del-ano\/"},"modified":"2025-01-31T16:35:47","modified_gmt":"2025-01-31T15:35:47","slug":"los-meses-del-ano-9788424668204","status":"publish","type":"product","link":"https:\/\/www.claret.cat\/es\/libro\/los-meses-del-ano-9788424668204\/","title":{"rendered":"LOS MESES DEL A\u00d1O"},"content":{"rendered":"<p>Este libro recoge una selecci\u00f3n de dichos, refranes, adivinanzas, canciones y otros conocimientos relacionados con los meses del a\u00f1o.<\/p>\n<p>Todo lo que necesitas saber sobre los meses del a\u00f1o, en un solo volumen.<\/p>\n","protected":false},"excerpt":{"rendered":"<p>ESPOT, LAURA \/ MONSERRAT, DAVID \/ TORT, ELISABETH<\/p>\n","protected":false},"featured_media":98079,"template":"","meta":{"_acf_changed":false,"om_disable_all_campaigns":false,"rs_blank_template":"","rs_page_bg_color":"","slide_template_v7":"","inline_featured_image":false,"_monsterinsights_skip_tracking":false,"_monsterinsights_sitenote_active":false,"_monsterinsights_sitenote_note":"","_monsterinsights_sitenote_category":0},"product_brand":[],"product_cat":[131,361],"product_tag":[],"class_list":{"0":"post-98078","1":"product","2":"type-product","3":"status-publish","4":"has-post-thumbnail","6":"product_cat-contes-per-infants-0-6-anys","7":"product_cat-cuentos-para-ninos-0-6-anos","9":"first","10":"instock","11":"taxable","12":"shipping-taxable","13":"purchasable","14":"product-type-simple"},"acf":{"autor":"ESPOT, LAURA \/ MONSERRAT, DAVID \/ TORT, ELISABETH","codart":"842466820","libros-coleccion":"FORA DE COL.LECCI\u00d3","ediciones":"1","encuadernacion":"Carton\u00e9","fecha_de_publicacion":"01\/01\/2021","novedad":"1","paginas":"154","subtitulo":"","orden":"0","portada":"0","idioma":"spa","editorial":[{"ID":148189,"post_author":"3","post_date":"2022-10-14 11:56:19","post_date_gmt":"2022-10-14 09:56:19","post_content":"","post_title":"GALERA, EDITORIAL","post_excerpt":"","post_status":"publish","comment_status":"closed","ping_status":"closed","post_password":"","post_name":"galera-editorial","to_ping":"","pinged":"","post_modified":"2022-10-14 11:56:19","post_modified_gmt":"2022-10-14 09:56:19","post_content_filtered":"","post_parent":0,"guid":"http:\/\/dev.claret.cat\/editorial\/galera-editorial\/","menu_order":0,"post_type":"editorial","post_mime_type":"","comment_count":"0","filter":"raw"}],"autores-libros":[{"ID":161936,"post_author":"3","post_date":"2022-10-14 17:27:03","post_date_gmt":"2022-10-14 15:27:03","post_content":"","post_title":"LAURA ESPOT","post_excerpt":"","post_status":"publish","comment_status":"closed","ping_status":"closed","post_password":"","post_name":"laura-espot","to_ping":"","pinged":"","post_modified":"2022-10-14 17:27:03","post_modified_gmt":"2022-10-14 15:27:03","post_content_filtered":"","post_parent":0,"guid":"http:\/\/dev.claret.cat\/autor\/laura-espot\/","menu_order":0,"post_type":"autor","post_mime_type":"","comment_count":"0","filter":"raw"},{"ID":153900,"post_author":"3","post_date":"2022-10-14 15:00:27","post_date_gmt":"2022-10-14 13:00:27","post_content":"","post_title":"DAVID MONSERRAT","post_excerpt":"","post_status":"publish","comment_status":"closed","ping_status":"closed","post_password":"","post_name":"david-monserrat","to_ping":"","pinged":"","post_modified":"2022-10-14 15:00:27","post_modified_gmt":"2022-10-14 13:00:27","post_content_filtered":"","post_parent":0,"guid":"http:\/\/dev.claret.cat\/autor\/david-monserrat\/","menu_order":0,"post_type":"autor","post_mime_type":"","comment_count":"0","filter":"raw"},{"ID":154826,"post_author":"3","post_date":"2022-10-14 15:07:57","post_date_gmt":"2022-10-14 13:07:57","post_content":"","post_title":"ELISABETH TORT","post_excerpt":"","post_status":"publish","comment_status":"closed","ping_status":"closed","post_password":"","post_name":"elisabeth-tort","to_ping":"","pinged":"","post_modified":"2022-10-14 15:07:57","post_modified_gmt":"2022-10-14 13:07:57","post_content_filtered":"","post_parent":0,"guid":"http:\/\/dev.claret.cat\/autor\/elisabeth-tort\/","menu_order":0,"post_type":"autor","post_mime_type":"","comment_count":"0","filter":"raw"}]},"aioseo_notices":[],"_links":{"self":[{"href":"https:\/\/www.claret.cat\/es\/wp-json\/wp\/v2\/product\/98078","targetHints":{"allow":["GET"]}}],"collection":[{"href":"https:\/\/www.claret.cat\/es\/wp-json\/wp\/v2\/product"}],"about":[{"href":"https:\/\/www.claret.cat\/es\/wp-json\/wp\/v2\/types\/product"}],"wp:featuredmedia":[{"embeddable":true,"href":"https:\/\/www.claret.cat\/es\/wp-json\/wp\/v2\/media\/98079"}],"wp:attachment":[{"href":"https:\/\/www.claret.cat\/es\/wp-json\/wp\/v2\/media?parent=98078"}],"wp:term":[{"taxonomy":"product_brand","embeddable":true,"href":"https:\/\/www.claret.cat\/es\/wp-json\/wp\/v2\/product_brand?post=98078"},{"taxonomy":"product_cat","embeddable":true,"href":"https:\/\/www.claret.cat\/es\/wp-json\/wp\/v2\/product_cat?post=98078"},{"taxonomy":"product_tag","embeddable":true,"href":"https:\/\/www.claret.cat\/es\/wp-json\/wp\/v2\/product_tag?post=98078"}],"curies":[{"name":"wp","href":"https:\/\/api.w.org\/{rel}","templated":true}]}}

LOS MESES DEL AÑO

<p>Este libro recoge una selección de dichos, refranes, adivinanzas, canciones y otros conocimientos relacionados con los meses del año.</p>
<p>Todo lo que necesitas saber sobre los meses del año, en un solo volumen.</p>

FORA DE COL.LECCIÓ

Cartoné
