{"id":98096,"date":"2022-10-12T07:20:59","date_gmt":"2022-10-12T05:20:59","guid":{"rendered":"http:\/\/dev.claret.cat\/producte\/corazon-de-padre-san-jose-con-el-papa-francisco\/"},"modified":"2025-06-20T13:05:37","modified_gmt":"2025-06-20T11:05:37","slug":"corazon-de-padre-san-jose-con-el-papa-francisco-9788428559553","status":"publish","type":"product","link":"https:\/\/www.claret.cat\/es\/libro\/corazon-de-padre-san-jose-con-el-papa-francisco-9788428559553\/","title":{"rendered":"CORAZ\u00d3N DE PADRE. SAN JOS\u00c9 CON EL PAPA FRANCISCO"},"content":{"rendered":"<p>\u00abBienaventurado Jos\u00e9, mu\u00e9strate padre tambi\u00e9n a nosotros y gu\u00edanos en el camino de la vida\u00bb (de la carta apost\u00f3lica Patris corde).<\/p>\n","protected":false},"excerpt":{"rendered":"<p>EQUIPO SAN PABLO<\/p>\n","protected":false},"featured_media":450620,"template":"","meta":{"_acf_changed":false,"om_disable_all_campaigns":false,"rs_blank_template":"","rs_page_bg_color":"","slide_template_v7":"","inline_featured_image":false,"_monsterinsights_skip_tracking":false,"_monsterinsights_sitenote_active":false,"_monsterinsights_sitenote_note":"","_monsterinsights_sitenote_category":0},"product_brand":[],"product_cat":[485,232,468,207],"product_tag":[],"class_list":{"0":"post-98096","1":"product","2":"type-product","3":"status-publish","4":"has-post-thumbnail","6":"product_cat-autores-espiritualidad-1_espiritualidad","7":"product_cat-autors-espiritualitat","8":"product_cat-epistolas-catolicas","9":"product_cat-epistoles-catoliques","11":"first","12":"instock","13":"taxable","14":"shipping-taxable","15":"purchasable","16":"product-type-simple"},"acf":{"editorial":[{"ID":6356,"post_author":"3","post_date":"2022-07-28 17:50:26","post_date_gmt":"2022-07-28 15:50:26","post_content":"","post_title":"SAN PABLO COMUNICACI\u00d3N","post_excerpt":"","post_status":"publish","comment_status":"closed","ping_status":"closed","post_password":"","post_name":"san-pablo-comunicacion","to_ping":"","pinged":"","post_modified":"2022-07-28 17:50:26","post_modified_gmt":"2022-07-28 15:50:26","post_content_filtered":"","post_parent":0,"guid":"http:\/\/dev.claret.cat\/editorial\/san-pablo-comunicacion\/","menu_order":0,"post_type":"editorial","post_mime_type":"","comment_count":"0","filter":"raw"}],"autor":"EQUIPO SAN PABLO","codart":"842855955","libros-coleccion":"Brotes","ediciones":"1","encuadernacion":"Grapado","fecha_de_publicacion":"22\/01\/2021","novedad":"1","paginas":"24","subtitulo":"SAN JOS\u00c9 CON EL PAPA FRANCISCO","orden":"0","portada":"0","idioma":"spa","autores-libros":[{"ID":155233,"post_author":"3","post_date":"2022-10-14 15:11:12","post_date_gmt":"2022-10-14 13:11:12","post_content":"","post_title":"EQUIPO SAN PABLO","post_excerpt":"","post_status":"publish","comment_status":"closed","ping_status":"closed","post_password":"","post_name":"equipo-san-pablo","to_ping":"","pinged":"","post_modified":"2022-10-14 15:11:12","post_modified_gmt":"2022-10-14 13:11:12","post_content_filtered":"","post_parent":0,"guid":"http:\/\/dev.claret.cat\/autor\/equipo-san-pablo\/","menu_order":0,"post_type":"autor","post_mime_type":"","comment_count":"0","filter":"raw"}],"booktrailer":"","resenas":""},"aioseo_notices":[],"_links":{"self":[{"href":"https:\/\/www.claret.cat\/es\/wp-json\/wp\/v2\/product\/98096","targetHints":{"allow":["GET"]}}],"collection":[{"href":"https:\/\/www.claret.cat\/es\/wp-json\/wp\/v2\/product"}],"about":[{"href":"https:\/\/www.claret.cat\/es\/wp-json\/wp\/v2\/types\/product"}],"wp:featuredmedia":[{"embeddable":true,"href":"https:\/\/www.claret.cat\/es\/wp-json\/wp\/v2\/media\/450620"}],"wp:attachment":[{"href":"https:\/\/www.claret.cat\/es\/wp-json\/wp\/v2\/media?parent=98096"}],"wp:term":[{"taxonomy":"product_brand","embeddable":true,"href":"https:\/\/www.claret.cat\/es\/wp-json\/wp\/v2\/product_brand?post=98096"},{"taxonomy":"product_cat","embeddable":true,"href":"https:\/\/www.claret.cat\/es\/wp-json\/wp\/v2\/product_cat?post=98096"},{"taxonomy":"product_tag","embeddable":true,"href":"https:\/\/www.claret.cat\/es\/wp-json\/wp\/v2\/product_tag?post=98096"}],"curies":[{"name":"wp","href":"https:\/\/api.w.org\/{rel}","templated":true}]}}

CORAZÓN DE PADRE. SAN JOSÉ CON EL PAPA FRANCISCO

<p>«Bienaventurado José, muéstrate padre también a nosotros y guíanos en el camino de la vida» (de la carta apostólica Patris corde).</p>

SAN PABLO COMUNICACIÓN

SAN JOSÉ CON EL PAPA FRANCISCO
