{"id":981746,"date":"2024-09-25T13:30:32","date_gmt":"2024-09-25T11:30:32","guid":{"rendered":"https:\/\/www.claret.cat\/llibre\/la-pesta-9788419971401\/"},"modified":"2026-01-07T12:55:06","modified_gmt":"2026-01-07T11:55:06","slug":"la-pesta-9788419971401","status":"publish","type":"product","link":"https:\/\/www.claret.cat\/es\/libro\/la-pesta-9788419971401\/","title":{"rendered":"LA PESTA"},"content":{"rendered":"<p>Premi Nobel de Literatura.\u00a0\u00a0\u00a0\u00a0\u00a0\u00a0\u00a0\u00a0  Traducci\u00f3 de Joan Fuster.La ciutat d&#x2019;Or\u00e0, encara sota administraci\u00f3 francesa, \u00e9s assotada per una estranya malaltia que de seguida esdev\u00e9 una veritable epid\u00e8mia. Als habitants, els costa d&#x2019;acceptar-ho, perqu\u00e8 un cas com aquest sembla un anacronisme, per\u00f2 no hi ha dubte: es tracta de la pesta. Es decreta el tancament i la incomunicaci\u00f3 de la ciutat, que haur\u00e0 d&#x2019;afrontar la situaci\u00f3 amb les \u00faniques defenses que t\u00e9: els \u00e9ssers humans que li plantaran cara. En aquesta obra essencial, el lector troba un retrat de les actituds humanes que es deriven d&#x2019;una situaci\u00f3 l\u00edmit i una reflexi\u00f3 profunda i adolorida sobre la injust\u00edcia del sofriment i l&#x2019;absurd de la vida.<br \/> Al\u00b7legoria d&#x2019;un m\u00f3n que nom\u00e9s una trag\u00e8dia aconsegueix rehumanitzar, La pesta \u00e9s una novel\u00b7la apassionant que s&#x2019;ha convertit en una de les obres capitals de la narrativa del segle XX.<\/p>\n","protected":false},"excerpt":{"rendered":"<p>CAMUS, ALBERT<\/p>\n","protected":false},"featured_media":981747,"template":"","meta":{"_acf_changed":false,"om_disable_all_campaigns":false,"rs_blank_template":"","rs_page_bg_color":"","slide_template_v7":"","inline_featured_image":false,"_monsterinsights_skip_tracking":false,"_monsterinsights_sitenote_active":false,"_monsterinsights_sitenote_note":"","_monsterinsights_sitenote_category":0},"product_brand":[],"product_cat":[127,357],"product_tag":[],"class_list":{"0":"post-981746","1":"product","2":"type-product","3":"status-publish","4":"has-post-thumbnail","6":"product_cat-novella-contemporania","7":"product_cat-novela-contemporanea","9":"first","10":"instock","11":"taxable","12":"shipping-taxable","13":"purchasable","14":"product-type-simple"},"acf":{"autor":"CAMUS, ALBERT","codart":"841997140","libros-coleccion":"Narrativa","ediciones":"1","encuadernacion":"R\u00fastica","fecha_de_publicacion":"01\/09\/2024","novedad":"1","paginas":"254","subtitulo":"","orden":"0","portada":"0","idioma":"cat","editorial":[{"ID":6281,"post_author":"3","post_date":"2022-07-28 17:48:50","post_date_gmt":"2022-07-28 15:48:50","post_content":"","post_title":"LABUTXACA","post_excerpt":"","post_status":"publish","comment_status":"closed","ping_status":"closed","post_password":"","post_name":"labutxaca","to_ping":"","pinged":"","post_modified":"2022-07-28 17:48:50","post_modified_gmt":"2022-07-28 15:48:50","post_content_filtered":"","post_parent":0,"guid":"http:\/\/dev.claret.cat\/editorial\/labutxaca\/","menu_order":0,"post_type":"editorial","post_mime_type":"","comment_count":"0","filter":"raw"}],"booktrailer":"","resenas":""},"aioseo_notices":[],"_links":{"self":[{"href":"https:\/\/www.claret.cat\/es\/wp-json\/wp\/v2\/product\/981746","targetHints":{"allow":["GET"]}}],"collection":[{"href":"https:\/\/www.claret.cat\/es\/wp-json\/wp\/v2\/product"}],"about":[{"href":"https:\/\/www.claret.cat\/es\/wp-json\/wp\/v2\/types\/product"}],"wp:featuredmedia":[{"embeddable":true,"href":"https:\/\/www.claret.cat\/es\/wp-json\/wp\/v2\/media\/981747"}],"wp:attachment":[{"href":"https:\/\/www.claret.cat\/es\/wp-json\/wp\/v2\/media?parent=981746"}],"wp:term":[{"taxonomy":"product_brand","embeddable":true,"href":"https:\/\/www.claret.cat\/es\/wp-json\/wp\/v2\/product_brand?post=981746"},{"taxonomy":"product_cat","embeddable":true,"href":"https:\/\/www.claret.cat\/es\/wp-json\/wp\/v2\/product_cat?post=981746"},{"taxonomy":"product_tag","embeddable":true,"href":"https:\/\/www.claret.cat\/es\/wp-json\/wp\/v2\/product_tag?post=981746"}],"curies":[{"name":"wp","href":"https:\/\/api.w.org\/{rel}","templated":true}]}}

<p>Premi Nobel de Literatura.          Traducció de Joan Fuster.La ciutat d&#x2019;Orà, encara sota administració francesa, és assotada per una estranya malaltia que de seguida esdevé una veritable epidèmia. Als habitants, els costa d&#x2019;acceptar-ho, perquè un cas com aquest sembla un anacronisme, però no hi ha dubte: es tracta de la pesta. Es decreta el tancament i la incomunicació de la ciutat, que haurà d&#x2019;afrontar la situació amb les úniques defenses que té: els éssers humans que li plantaran cara. En aquesta obra essencial, el lector troba un retrat de les actituds humanes que es deriven d&#x2019;una situació límit i una reflexió profunda i adolorida sobre la injustícia del sofriment i l&#x2019;absurd de la vida.<br /> Al·legoria d&#x2019;un món que només una tragèdia aconsegueix rehumanitzar, La pesta és una novel·la apassionant que s&#x2019;ha convertit en una de les obres capitals de la narrativa del segle XX.</p>

Rústica
