{"id":98330,"date":"2022-10-12T07:24:07","date_gmt":"2022-10-12T05:24:07","guid":{"rendered":"http:\/\/dev.claret.cat\/producte\/les-lleialtats\/"},"modified":"2026-04-23T17:06:25","modified_gmt":"2026-04-23T15:06:25","slug":"les-lleialtats-9788418572050","status":"publish","type":"product","link":"https:\/\/www.claret.cat\/es\/libro\/les-lleialtats-9788418572050\/","title":{"rendered":"LES LLEIALTATS"},"content":{"rendered":"<p>En Th\u00e9o, un adolescent que es troba dividit entre uns pares enfrontats, i el seu amic Mathis tenen un secret. La seva mestra, l&#8217;H\u00e9l\u00e8ne, que tampoc no va tenir una inf\u00e0ncia f\u00e0cil i que sospita que alguna cosa no va b\u00e9 amb en Th\u00e9o, s&#8217;obsedeix a rescatar-lo i el converteix en el seu protegit. Just quan el Mathis m\u00e9s la necessita, la seva mare, la C\u00e9cile, pateix un daltabaix en descobrir una cosa terrible a l&#8217;ordinador del marit.<br \/>Les lleialtats segueix el dest\u00ed d&#8217;aquests quatre personatges en un moment crucial de les seves vides, quan encara es pot triar entre sortir-se&#8217;n o cremar-se les ales. Es tracta de lleialtats, s\u00ed, cap a un mateix, cap als altres i cap a la societat. Una novel\u00b7la emotiva, alhora fosca i lluminosa, sobre els secrets destructius i les lleialtats enganyoses que s&#8217;amaguen darrere les portes tancades, en la qual els adults estan tan perduts com la canalla que haurien de protegir.<\/p>\n","protected":false},"excerpt":{"rendered":"<p>DE VIGAN, DELPHINE<\/p>\n","protected":false},"featured_media":98331,"template":"","meta":{"_acf_changed":false,"om_disable_all_campaigns":false,"rs_blank_template":"","rs_page_bg_color":"","slide_template_v7":"","inline_featured_image":false,"_monsterinsights_skip_tracking":false,"_monsterinsights_sitenote_active":false,"_monsterinsights_sitenote_note":"","_monsterinsights_sitenote_category":0},"product_brand":[],"product_cat":[127,357],"product_tag":[],"class_list":{"0":"post-98330","1":"product","2":"type-product","3":"status-publish","4":"has-post-thumbnail","6":"product_cat-novella-contemporania","7":"product_cat-novela-contemporanea","9":"first","10":"instock","11":"taxable","12":"shipping-taxable","13":"purchasable","14":"product-type-simple"},"acf":{"editorial":[{"ID":6281,"post_author":"3","post_date":"2022-07-28 17:48:50","post_date_gmt":"2022-07-28 15:48:50","post_content":"","post_title":"LABUTXACA","post_excerpt":"","post_status":"publish","comment_status":"closed","ping_status":"closed","post_password":"","post_name":"labutxaca","to_ping":"","pinged":"","post_modified":"2022-07-28 17:48:50","post_modified_gmt":"2022-07-28 15:48:50","post_content_filtered":"","post_parent":0,"guid":"http:\/\/dev.claret.cat\/editorial\/labutxaca\/","menu_order":0,"post_type":"editorial","post_mime_type":"","comment_count":"0","filter":"raw"}],"autor":"DE VIGAN, DELPHINE","codart":"841857205","libros-coleccion":"LABUTXACA","ediciones":"1","encuadernacion":"R\u00fastica","fecha_de_publicacion":"01\/01\/2021","novedad":"1","paginas":"176","subtitulo":"","orden":"0","portada":"0","idioma":"cat","autores-libros":[{"ID":154060,"post_author":"3","post_date":"2022-10-14 15:01:46","post_date_gmt":"2022-10-14 13:01:46","post_content":"","post_title":"DELPHINE DE VIGAN","post_excerpt":"","post_status":"publish","comment_status":"closed","ping_status":"closed","post_password":"","post_name":"delphine-de-vigan","to_ping":"","pinged":"","post_modified":"2022-10-14 15:01:46","post_modified_gmt":"2022-10-14 13:01:46","post_content_filtered":"","post_parent":0,"guid":"http:\/\/dev.claret.cat\/autor\/delphine-de-vigan\/","menu_order":0,"post_type":"autor","post_mime_type":"","comment_count":"0","filter":"raw"}],"booktrailer":"","resenas":""},"aioseo_notices":[],"_links":{"self":[{"href":"https:\/\/www.claret.cat\/es\/wp-json\/wp\/v2\/product\/98330","targetHints":{"allow":["GET"]}}],"collection":[{"href":"https:\/\/www.claret.cat\/es\/wp-json\/wp\/v2\/product"}],"about":[{"href":"https:\/\/www.claret.cat\/es\/wp-json\/wp\/v2\/types\/product"}],"wp:featuredmedia":[{"embeddable":true,"href":"https:\/\/www.claret.cat\/es\/wp-json\/wp\/v2\/media\/98331"}],"wp:attachment":[{"href":"https:\/\/www.claret.cat\/es\/wp-json\/wp\/v2\/media?parent=98330"}],"wp:term":[{"taxonomy":"product_brand","embeddable":true,"href":"https:\/\/www.claret.cat\/es\/wp-json\/wp\/v2\/product_brand?post=98330"},{"taxonomy":"product_cat","embeddable":true,"href":"https:\/\/www.claret.cat\/es\/wp-json\/wp\/v2\/product_cat?post=98330"},{"taxonomy":"product_tag","embeddable":true,"href":"https:\/\/www.claret.cat\/es\/wp-json\/wp\/v2\/product_tag?post=98330"}],"curies":[{"name":"wp","href":"https:\/\/api.w.org\/{rel}","templated":true}]}}

<p>En Théo, un adolescent que es troba dividit entre uns pares enfrontats, i el seu amic Mathis tenen un secret. La seva mestra, l&#8217;Hélène, que tampoc no va tenir una infància fàcil i que sospita que alguna cosa no va bé amb en Théo, s&#8217;obsedeix a rescatar-lo i el converteix en el seu protegit. Just quan el Mathis més la necessita, la seva mare, la Cécile, pateix un daltabaix en descobrir una cosa terrible a l&#8217;ordinador del marit.<br />Les lleialtats segueix el destí d&#8217;aquests quatre personatges en un moment crucial de les seves vides, quan encara es pot triar entre sortir-se&#8217;n o cremar-se les ales. Es tracta de lleialtats, sí, cap a un mateix, cap als altres i cap a la societat. Una novel·la emotiva, alhora fosca i lluminosa, sobre els secrets destructius i les lleialtats enganyoses que s&#8217;amaguen darrere les portes tancades, en la qual els adults estan tan perduts com la canalla que haurien de protegir.</p>

Rústica
