{"id":984307,"date":"2024-10-07T16:05:38","date_gmt":"2024-10-07T14:05:38","guid":{"rendered":"https:\/\/www.claret.cat\/llibre\/me-llamo-goa-5-ni-lo-suenes-goa-9788419910479\/"},"modified":"2026-04-24T11:20:13","modified_gmt":"2026-04-24T09:20:13","slug":"me-llamo-goa-5-ni-lo-suenes-goa-9788419910479","status":"publish","type":"product","link":"https:\/\/www.claret.cat\/es\/libro\/me-llamo-goa-5-ni-lo-suenes-goa-9788419910479\/","title":{"rendered":"ME LLAMO GOA 5 &#8211; \u00a1NI LO SUE\u00d1ES, GOA!"},"content":{"rendered":"<p>\u00a1La esperada quinta entrega de Me llamo Goa, la serie que ha enganchado a m\u00e1s de 90.000 lectores y lectoras! \u00ab\u00bfC\u00f3mo pueden pasar tantas cosas en tan poco tiempo? No soporto la espera para ver a Klaus; Anna y Laura est\u00e1n rar\u00edsimas; Nadia lo est\u00e1 pasando mal en su nuevo insti, y, por si fuera poco, \u00a1ahora mis padres dudan de si regalarme el m\u00f3vil cuando cumpla trece a\u00f1os! Qu\u00e9 intensidad, bro\u00bb. A Goa los d\u00edas se le hacen eternos esperando para reencontrarse con Klaus. Y parece que \u00a1hasta Semana Santa no se van a poder ver! Pero Goa no es la \u00fanica sintiendo tantas cosas&#8230; Mientras algunas relaciones olvidadas renacen, otras se encuentran con obst\u00e1culos inesperados. Y, en medio de todo esto, una emergencia har\u00e1 que Goa y sus amigos se movilicen para encontrar una soluci\u00f3n. Una nueva entrega de la serie juvenil de M\u00edriam Tirado, autora de \u00e9xitos como El hilo invisible, Sensibles e Infinito. Ida y vuelta, donde explora la adolescencia con el humor y la sensibilidad que la caracterizan.<\/p>\n","protected":false},"excerpt":{"rendered":"<p>TIRADO, M\u00cdRIAM<\/p>\n","protected":false},"featured_media":1079360,"template":"","meta":{"_acf_changed":false,"om_disable_all_campaigns":false,"rs_blank_template":"","rs_page_bg_color":"","slide_template_v7":"","inline_featured_image":false,"_monsterinsights_skip_tracking":false,"_monsterinsights_sitenote_active":false,"_monsterinsights_sitenote_note":"","_monsterinsights_sitenote_category":0},"product_brand":[],"product_cat":[90,540],"product_tag":[],"class_list":{"0":"post-984307","1":"product","2":"type-product","3":"status-publish","4":"has-post-thumbnail","6":"product_cat-altres","7":"product_cat-otros","9":"first","10":"instock","11":"taxable","12":"shipping-taxable","13":"purchasable","14":"product-type-simple"},"acf":{"autor":"TIRADO, M\u00cdRIAM","codart":"841991047","libros-coleccion":"ESCRITURA DESATADA","ediciones":"1","encuadernacion":"Carton\u00e9","fecha_de_publicacion":"01\/10\/2024","novedad":"1","paginas":"198","subtitulo":"\u00a1NO ME LO PUEDO CREER!","orden":"0","portada":"0","idioma":"spa","editorial":[{"ID":294535,"post_author":"3","post_date":"2022-12-12 12:50:10","post_date_gmt":"2022-12-12 11:50:10","post_content":"","post_title":"B de Blok","post_excerpt":"","post_status":"publish","comment_status":"closed","ping_status":"closed","post_password":"","post_name":"b-de-blok","to_ping":"","pinged":"","post_modified":"2022-12-12 12:50:10","post_modified_gmt":"2022-12-12 11:50:10","post_content_filtered":"","post_parent":0,"guid":"http:\/\/dev.claret.cat\/editorial\/b-de-blok\/","menu_order":0,"post_type":"editorial","post_mime_type":"","comment_count":"0","filter":"raw"}],"booktrailer":"","resenas":""},"aioseo_notices":[],"_links":{"self":[{"href":"https:\/\/www.claret.cat\/es\/wp-json\/wp\/v2\/product\/984307","targetHints":{"allow":["GET"]}}],"collection":[{"href":"https:\/\/www.claret.cat\/es\/wp-json\/wp\/v2\/product"}],"about":[{"href":"https:\/\/www.claret.cat\/es\/wp-json\/wp\/v2\/types\/product"}],"wp:featuredmedia":[{"embeddable":true,"href":"https:\/\/www.claret.cat\/es\/wp-json\/wp\/v2\/media\/1079360"}],"wp:attachment":[{"href":"https:\/\/www.claret.cat\/es\/wp-json\/wp\/v2\/media?parent=984307"}],"wp:term":[{"taxonomy":"product_brand","embeddable":true,"href":"https:\/\/www.claret.cat\/es\/wp-json\/wp\/v2\/product_brand?post=984307"},{"taxonomy":"product_cat","embeddable":true,"href":"https:\/\/www.claret.cat\/es\/wp-json\/wp\/v2\/product_cat?post=984307"},{"taxonomy":"product_tag","embeddable":true,"href":"https:\/\/www.claret.cat\/es\/wp-json\/wp\/v2\/product_tag?post=984307"}],"curies":[{"name":"wp","href":"https:\/\/api.w.org\/{rel}","templated":true}]}}

ME LLAMO GOA 5 &#8211; ¡NI LO SUEÑES, GOA!

<p>¡La esperada quinta entrega de Me llamo Goa, la serie que ha enganchado a más de 90.000 lectores y lectoras! «¿Cómo pueden pasar tantas cosas en tan poco tiempo? No soporto la espera para ver a Klaus; Anna y Laura están rarísimas; Nadia lo está pasando mal en su nuevo insti, y, por si fuera poco, ¡ahora mis padres dudan de si regalarme el móvil cuando cumpla trece años! Qué intensidad, bro». A Goa los días se le hacen eternos esperando para reencontrarse con Klaus. Y parece que ¡hasta Semana Santa no se van a poder ver! Pero Goa no es la única sintiendo tantas cosas&#8230; Mientras algunas relaciones olvidadas renacen, otras se encuentran con obstáculos inesperados. Y, en medio de todo esto, una emergencia hará que Goa y sus amigos se movilicen para encontrar una solución. Una nueva entrega de la serie juvenil de Míriam Tirado, autora de éxitos como El hilo invisible, Sensibles e Infinito. Ida y vuelta, donde explora la adolescencia con el humor y la sensibilidad que la caracterizan.</p>

<p>TIRADO, MÍRIAM</p>

TIRADO, MÍRIAM

Cartoné
