{"id":986924,"date":"2024-10-17T14:10:19","date_gmt":"2024-10-17T12:10:19","guid":{"rendered":"https:\/\/www.claret.cat\/llibre\/por-que-beethoven-9788411488006\/"},"modified":"2024-10-17T16:21:40","modified_gmt":"2024-10-17T14:21:40","slug":"por-que-beethoven-9788411488006","status":"publish","type":"product","link":"https:\/\/www.claret.cat\/es\/libro\/por-que-beethoven-9788411488006\/","title":{"rendered":"\u00bfPOR QU\u00c9 BEETHOVEN?"},"content":{"rendered":"<p>Si Beethoven nunca hubiese existido, habitar\u00edamos un universo musical radicalmente distinto. Pero \u00bfqui\u00e9n era realmente este tit\u00e1n de la cultura mundial?A trav\u00e9s de un centenar de breves cap\u00edtulos, cada uno dedicado a alguna de sus obras clave, Norman Lebrecht traza un retrato poli\u00e9drico que nos muestra al compositor como nunca lo hab\u00edamos visto. Ingobernable, ofensivo y desesperado durante la mayor parte de su vida, s\u00ed; pero tambi\u00e9n sensible y completamente entregado a su arte, capaz de sobreponerse a la sordera para componer algunas de las obras cumbre de nuestra cultura. Por el camino, nos encontramos con los grandes m\u00fasicos que a lo largo de la historia han asumido el reto que Beethoven leg\u00f3 a la posteridad, en todas sus glorias y debilidades. En el centro del mosaico que dibuja esta biograf\u00eda reveladora y \u00fanica, Beethoven emerge como piedra angular del mundo moderno.<\/p>\n","protected":false},"excerpt":{"rendered":"<p>LEBRECHT, NORMAN<\/p>\n","protected":false},"featured_media":986973,"template":"","meta":{"_acf_changed":false,"om_disable_all_campaigns":false,"rs_blank_template":"","rs_page_bg_color":"","slide_template_v7":"","inline_featured_image":false,"_monsterinsights_skip_tracking":false,"_monsterinsights_sitenote_active":false,"_monsterinsights_sitenote_note":"","_monsterinsights_sitenote_category":0},"product_brand":[],"product_cat":[111,332],"product_tag":[],"class_list":{"0":"post-986924","1":"product","2":"type-product","3":"status-publish","4":"has-post-thumbnail","6":"product_cat-musica","7":"product_cat-musica-4_escolar-spa","9":"first","10":"instock","11":"taxable","12":"shipping-taxable","13":"purchasable","14":"product-type-simple"},"acf":{"autor":"LEBRECHT, NORMAN","codart":"841148800","libros-coleccion":"FORA DE COL.LECCI\u00d3","ediciones":"1","encuadernacion":"R\u00fastica","fecha_de_publicacion":"01\/10\/2024","novedad":"1","paginas":"453","subtitulo":"UN FEN\u00d3MENO EN CIEN OBRAS","orden":"0","portada":"0","idioma":"spa","editorial":[{"ID":6119,"post_author":"3","post_date":"2022-07-28 17:45:18","post_date_gmt":"2022-07-28 15:45:18","post_content":"","post_title":"Alianza Editorial","post_excerpt":"","post_status":"publish","comment_status":"closed","ping_status":"closed","post_password":"","post_name":"alianza-editorial","to_ping":"","pinged":"","post_modified":"2022-07-28 17:45:18","post_modified_gmt":"2022-07-28 15:45:18","post_content_filtered":"","post_parent":0,"guid":"http:\/\/dev.claret.cat\/editorial\/alianza-editorial\/","menu_order":0,"post_type":"editorial","post_mime_type":"","comment_count":"0","filter":"raw"}]},"aioseo_notices":[],"_links":{"self":[{"href":"https:\/\/www.claret.cat\/es\/wp-json\/wp\/v2\/product\/986924","targetHints":{"allow":["GET"]}}],"collection":[{"href":"https:\/\/www.claret.cat\/es\/wp-json\/wp\/v2\/product"}],"about":[{"href":"https:\/\/www.claret.cat\/es\/wp-json\/wp\/v2\/types\/product"}],"wp:featuredmedia":[{"embeddable":true,"href":"https:\/\/www.claret.cat\/es\/wp-json\/wp\/v2\/media\/986973"}],"wp:attachment":[{"href":"https:\/\/www.claret.cat\/es\/wp-json\/wp\/v2\/media?parent=986924"}],"wp:term":[{"taxonomy":"product_brand","embeddable":true,"href":"https:\/\/www.claret.cat\/es\/wp-json\/wp\/v2\/product_brand?post=986924"},{"taxonomy":"product_cat","embeddable":true,"href":"https:\/\/www.claret.cat\/es\/wp-json\/wp\/v2\/product_cat?post=986924"},{"taxonomy":"product_tag","embeddable":true,"href":"https:\/\/www.claret.cat\/es\/wp-json\/wp\/v2\/product_tag?post=986924"}],"curies":[{"name":"wp","href":"https:\/\/api.w.org\/{rel}","templated":true}]}}

¿POR QUÉ BEETHOVEN?

<p>Si Beethoven nunca hubiese existido, habitaríamos un universo musical radicalmente distinto. Pero ¿quién era realmente este titán de la cultura mundial?A través de un centenar de breves capítulos, cada uno dedicado a alguna de sus obras clave, Norman Lebrecht traza un retrato poliédrico que nos muestra al compositor como nunca lo habíamos visto. Ingobernable, ofensivo y desesperado durante la mayor parte de su vida, sí; pero también sensible y completamente entregado a su arte, capaz de sobreponerse a la sordera para componer algunas de las obras cumbre de nuestra cultura. Por el camino, nos encontramos con los grandes músicos que a lo largo de la historia han asumido el reto que Beethoven legó a la posteridad, en todas sus glorias y debilidades. En el centro del mosaico que dibuja esta biografía reveladora y única, Beethoven emerge como piedra angular del mundo moderno.</p>

FORA DE COL.LECCIÓ

Rústica

UN FENÓMENO EN CIEN OBRAS
