{"id":988005,"date":"2024-10-24T11:00:27","date_gmt":"2024-10-24T09:00:27","guid":{"rendered":"https:\/\/www.claret.cat\/llibre\/carta-enciclica-dilexit-nos-del-papa-francisco-sobre-el-amor-humano-y-divino-del-corazon-de-jesucristo-9788427150065\/"},"modified":"2026-04-01T01:52:16","modified_gmt":"2026-03-31T23:52:16","slug":"carta-enciclica-dilexit-nos-del-papa-francisco-sobre-el-amor-humano-y-divino-del-corazon-de-jesucristo-9788427150065","status":"publish","type":"product","link":"https:\/\/www.claret.cat\/es\/libro\/carta-enciclica-dilexit-nos-del-papa-francisco-sobre-el-amor-humano-y-divino-del-corazon-de-jesucristo-9788427150065\/","title":{"rendered":"CARTA ENC\u00cdCLICA &#8216;DILEXIT NOS&#8217; DEL PAPA FRANCISCO SOBRE EL AMOR HUMANO Y DIVINO DEL CORAZ\u00d3N DE JESUCRISTO"},"content":{"rendered":"<p><span>La enc\u00edclica Dilexit Nos del Papa Francisco explora profundamente el concepto del amor, tanto humano como divino, a trav\u00e9s del simbolismo del Coraz\u00f3n de Jes\u00fas. Comienza destacando el amor incondicional de Cristo, quien \u00abnos am\u00f3 primero\u00bb, seg\u00fan San Pablo.<\/span><\/p>\n","protected":false},"excerpt":{"rendered":"<p>PAPA FRANCISCO<\/p>\n","protected":false},"featured_media":988248,"template":"","meta":{"_acf_changed":false,"om_disable_all_campaigns":false,"rs_blank_template":"","rs_page_bg_color":"","slide_template_v7":"","inline_featured_image":false,"_monsterinsights_skip_tracking":false,"_monsterinsights_sitenote_active":false,"_monsterinsights_sitenote_note":"","_monsterinsights_sitenote_category":0},"product_brand":[],"product_cat":[468,207],"product_tag":[],"class_list":{"0":"post-988005","1":"product","2":"type-product","3":"status-publish","4":"has-post-thumbnail","6":"product_cat-epistolas-catolicas","7":"product_cat-epistoles-catoliques","9":"first","10":"instock","11":"taxable","12":"shipping-taxable","13":"purchasable","14":"product-type-simple"},"acf":{"autor":"PAPA FRANCISCO","codart":"842715006","libros-coleccion":"","ediciones":"1","encuadernacion":"R\u00fastica","fecha_de_publicacion":"30\/10\/2024","novedad":"1","paginas":"144","subtitulo":"","orden":"999","portada":"1","idioma":"spa","editorial":[{"ID":8258,"post_author":"3","post_date":"2022-09-30 09:21:32","post_date_gmt":"2022-09-30 07:21:32","post_content":"","post_title":"MENSAJERO","post_excerpt":"","post_status":"publish","comment_status":"closed","ping_status":"closed","post_password":"","post_name":"mensajero","to_ping":"","pinged":"","post_modified":"2022-09-30 09:21:32","post_modified_gmt":"2022-09-30 07:21:32","post_content_filtered":"","post_parent":0,"guid":"http:\/\/dev.claret.cat\/editorial\/mensajero\/","menu_order":0,"post_type":"editorial","post_mime_type":"","comment_count":"0","filter":"raw"}],"booktrailer":"","resenas":""},"aioseo_notices":[],"_links":{"self":[{"href":"https:\/\/www.claret.cat\/es\/wp-json\/wp\/v2\/product\/988005","targetHints":{"allow":["GET"]}}],"collection":[{"href":"https:\/\/www.claret.cat\/es\/wp-json\/wp\/v2\/product"}],"about":[{"href":"https:\/\/www.claret.cat\/es\/wp-json\/wp\/v2\/types\/product"}],"wp:featuredmedia":[{"embeddable":true,"href":"https:\/\/www.claret.cat\/es\/wp-json\/wp\/v2\/media\/988248"}],"wp:attachment":[{"href":"https:\/\/www.claret.cat\/es\/wp-json\/wp\/v2\/media?parent=988005"}],"wp:term":[{"taxonomy":"product_brand","embeddable":true,"href":"https:\/\/www.claret.cat\/es\/wp-json\/wp\/v2\/product_brand?post=988005"},{"taxonomy":"product_cat","embeddable":true,"href":"https:\/\/www.claret.cat\/es\/wp-json\/wp\/v2\/product_cat?post=988005"},{"taxonomy":"product_tag","embeddable":true,"href":"https:\/\/www.claret.cat\/es\/wp-json\/wp\/v2\/product_tag?post=988005"}],"curies":[{"name":"wp","href":"https:\/\/api.w.org\/{rel}","templated":true}]}}

CARTA ENCÍCLICA &#8216;DILEXIT NOS&#8217; DEL PAPA FRANCISCO SOBRE EL AMOR HUMANO Y DIVINO DEL CORAZÓN DE JESUCRISTO

<p><span>La encíclica Dilexit Nos del Papa Francisco explora profundamente el concepto del amor, tanto humano como divino, a través del simbolismo del Corazón de Jesús. Comienza destacando el amor incondicional de Cristo, quien «nos amó primero», según San Pablo.</span></p>

Rústica
