{"id":988115,"date":"2024-10-24T19:05:17","date_gmt":"2024-10-24T17:05:17","guid":{"rendered":"https:\/\/www.claret.cat\/llibre\/adolescentes-de-alta-complejidad-9788425451874\/"},"modified":"2026-01-28T10:53:36","modified_gmt":"2026-01-28T09:53:36","slug":"adolescentes-de-alta-complejidad-9788425451874","status":"publish","type":"product","link":"https:\/\/www.claret.cat\/es\/libro\/adolescentes-de-alta-complejidad-9788425451874\/","title":{"rendered":"ADOLESCENTES DE ALTA COMPLEJIDAD"},"content":{"rendered":"<p>El fen\u00f3meno de la alta complejidad se ha multiplicado en la poblaci\u00f3n adolescente como consecuencia de las crecientes exigencias y presiones sociales, econ\u00f3micas, tecnol\u00f3gicas o educativas.<\/p>\n<p> La \u00abalta complejidad\u00bb en salud mental no es un fen\u00f3meno nuevo. Est\u00e1 presente en pacientes que, por sus situaciones familiares y sociales, sus experiencias traum\u00e1ticas tempranas o sus vulnerabilidades emocionales, acumulan dificultades en \u00e1mbitos diversos y presentan necesidades complejas.<\/p>\n<p> En la actualidad, existe entre los profesionales la sensaci\u00f3n de que la alta complejidad se ha multiplicado en la poblaci\u00f3n adolescente como consecuencia de las crecientes exigencias y presiones sociales, econ\u00f3micas, tecnol\u00f3gicas o educativas. Estas demandas los empujan y tensionan para que se adecuen a las estructuras educativas y laborales, sean consumistas, participativos y d\u00f3ciles a la vez. Este aluvi\u00f3n de exigencias los apremia y les genera sufrimiento.<\/p>\n<p> En este libro se estudia y eval\u00faa las caracter\u00edsticas y las dificultades que presentan estos adolescentes, as\u00ed como sus necesidades asistenciales y las de sus familias. Por otro lado, presenta diversos dise\u00f1os de intervenci\u00f3n para atender los casos especialmente complejos y los recursos con los que se cuenta desde la red de salud p\u00fablica para atender a j\u00f3venes con problemas de salud mental.<\/p>\n","protected":false},"excerpt":{"rendered":"<p>VV.AA.3<\/p>\n","protected":false},"featured_media":988299,"template":"","meta":{"_acf_changed":false,"om_disable_all_campaigns":false,"rs_blank_template":"","rs_page_bg_color":"","slide_template_v7":"","inline_featured_image":false,"_monsterinsights_skip_tracking":false,"_monsterinsights_sitenote_active":false,"_monsterinsights_sitenote_note":"","_monsterinsights_sitenote_category":0},"product_brand":[],"product_cat":[180,448],"product_tag":[],"class_list":{"0":"post-988115","1":"product","2":"type-product","3":"status-publish","4":"has-post-thumbnail","6":"product_cat-psiquiatria-i-psicoterapia","7":"product_cat-psiquiatria-y-psicoterapia","9":"first","10":"instock","11":"taxable","12":"shipping-taxable","13":"purchasable","14":"product-type-simple"},"acf":{"autor":"VV.AA.3","codart":"842545187","libros-coleccion":"FORA DE COL.LECCI\u00d3","ediciones":"1","encuadernacion":"R\u00fastica","fecha_de_publicacion":"01\/09\/2024","novedad":"1","paginas":"320","subtitulo":"RECURSOS TERAP\u00c9UTICOS COMUNITARIOS ACTUALES EN SALUD MENTAL","orden":"0","portada":"0","idioma":"spa","editorial":[{"ID":6266,"post_author":"3","post_date":"2022-07-28 17:48:31","post_date_gmt":"2022-07-28 15:48:31","post_content":"","post_title":"HERDER","post_excerpt":"","post_status":"publish","comment_status":"closed","ping_status":"closed","post_password":"","post_name":"herder","to_ping":"","pinged":"","post_modified":"2022-07-28 17:48:31","post_modified_gmt":"2022-07-28 15:48:31","post_content_filtered":"","post_parent":0,"guid":"http:\/\/dev.claret.cat\/editorial\/herder\/","menu_order":0,"post_type":"editorial","post_mime_type":"","comment_count":"0","filter":"raw"}],"booktrailer":"","resenas":""},"aioseo_notices":[],"_links":{"self":[{"href":"https:\/\/www.claret.cat\/es\/wp-json\/wp\/v2\/product\/988115","targetHints":{"allow":["GET"]}}],"collection":[{"href":"https:\/\/www.claret.cat\/es\/wp-json\/wp\/v2\/product"}],"about":[{"href":"https:\/\/www.claret.cat\/es\/wp-json\/wp\/v2\/types\/product"}],"wp:featuredmedia":[{"embeddable":true,"href":"https:\/\/www.claret.cat\/es\/wp-json\/wp\/v2\/media\/988299"}],"wp:attachment":[{"href":"https:\/\/www.claret.cat\/es\/wp-json\/wp\/v2\/media?parent=988115"}],"wp:term":[{"taxonomy":"product_brand","embeddable":true,"href":"https:\/\/www.claret.cat\/es\/wp-json\/wp\/v2\/product_brand?post=988115"},{"taxonomy":"product_cat","embeddable":true,"href":"https:\/\/www.claret.cat\/es\/wp-json\/wp\/v2\/product_cat?post=988115"},{"taxonomy":"product_tag","embeddable":true,"href":"https:\/\/www.claret.cat\/es\/wp-json\/wp\/v2\/product_tag?post=988115"}],"curies":[{"name":"wp","href":"https:\/\/api.w.org\/{rel}","templated":true}]}}

<p>El fenómeno de la alta complejidad se ha multiplicado en la población adolescente como consecuencia de las crecientes exigencias y presiones sociales, económicas, tecnológicas o educativas.</p>
<p> La «alta complejidad» en salud mental no es un fenómeno nuevo. Está presente en pacientes que, por sus situaciones familiares y sociales, sus experiencias traumáticas tempranas o sus vulnerabilidades emocionales, acumulan dificultades en ámbitos diversos y presentan necesidades complejas.</p>
<p> En la actualidad, existe entre los profesionales la sensación de que la alta complejidad se ha multiplicado en la población adolescente como consecuencia de las crecientes exigencias y presiones sociales, económicas, tecnológicas o educativas. Estas demandas los empujan y tensionan para que se adecuen a las estructuras educativas y laborales, sean consumistas, participativos y dóciles a la vez. Este aluvión de exigencias los apremia y les genera sufrimiento.</p>
<p> En este libro se estudia y evalúa las características y las dificultades que presentan estos adolescentes, así como sus necesidades asistenciales y las de sus familias. Por otro lado, presenta diversos diseños de intervención para atender los casos especialmente complejos y los recursos con los que se cuenta desde la red de salud pública para atender a jóvenes con problemas de salud mental.</p>

FORA DE COL.LECCIÓ

Rústica

RECURSOS TERAPÉUTICOS COMUNITARIOS ACTUALES EN SALUD MENTAL
