{"id":988128,"date":"2024-10-25T11:15:33","date_gmt":"2024-10-25T09:15:33","guid":{"rendered":"https:\/\/www.claret.cat\/llibre\/carta-enciclica-dilexit-nos-sobre-el-amor-humano-y-divino-del-corazon-de-jesucristo-9788410630888\/"},"modified":"2025-05-02T12:37:38","modified_gmt":"2025-05-02T10:37:38","slug":"carta-enciclica-dilexit-nos-sobre-el-amor-humano-y-divino-del-corazon-de-jesucristo-9788410630888","status":"publish","type":"product","link":"https:\/\/www.claret.cat\/es\/libro\/carta-enciclica-dilexit-nos-sobre-el-amor-humano-y-divino-del-corazon-de-jesucristo-9788410630888\/","title":{"rendered":"CARTA ENC\u00cdCLICA &#8216;DILEXIT NOS&#8217; :  SOBRE EL AMOR HUMANO Y DIVINO DEL CORAZ\u00d3N DE JESUCRISTO"},"content":{"rendered":"<p>Consigue aqu\u00ed la \u00faltima enc\u00edclica del<a href='https:\/\/www.claret.cat\/es\/catalogo\/?b=papa+francisco' rel='noopener noreferrer' target='_blank'><strong> Papa Francisco<\/strong><\/a>, <em>Dilexit Nos.<\/em><\/p>\n<p><\/p>\n<p><span>Lo expresado en este documento nos permite descubrir que lo escrito en las enc\u00edclicas sociales&nbsp;<\/span><a href='https:\/\/www.claret.cat\/es\/libro\/alabado-seas-laudato-si-enciclica-9788498469424\/?c=' rel='noopener noreferrer' target='_blank'><strong><em>Laudato si <\/em><\/strong><\/a><span>y&nbsp;<\/span><a href='https:\/\/www.claret.cat\/llibre\/fratelli-tutti-germans-tots-9788491363101\/?c=' rel='noopener noreferrer' target='_blank'><strong><em>Fratelli tutti<\/em><\/strong><\/a><strong>&nbsp;<\/strong><span>no es ajeno a nuestro encuentro con el amor de <\/span><strong>Jesucristo<\/strong><span>, ya que bebiendo de ese amor nos volvemos capaces de tejer lazos fraternos, de reconocer la dignidad de cada ser humano y de cuidar juntos nuestra casa com\u00fan.<\/span><\/p>\n<p><\/p>\n<p><span>Hoy todo se compra y se paga, y parece que la propia sensaci\u00f3n de dignidad depende de cosas que se consiguen con el poder del dinero. S\u00f3lo nos urge acumular, consumir y distraernos, presos de un sistema degradante que no nos permite mirar m\u00e1s all\u00e1 de nuestras necesidades inmediatas y mezquinas. <\/span><\/p>\n<p><\/p>\n<p><strong>El amor de Cristo <\/strong><span>est\u00e1 fuera de ese engranaje perverso y solo \u00e9l puede liberarnos de esa fiebre donde ya no hay lugar para un amor gratuito. \u00c9l es capaz de darle coraz\u00f3n a esta tierra y reinventar el amor all\u00ed donde pensamos que la capacidad de amar ha muerto definitivamente.<\/span><\/p>\n","protected":false},"excerpt":{"rendered":"<p>PAPA FRANCISCO<\/p>\n","protected":false},"featured_media":990777,"template":"","meta":{"_acf_changed":false,"om_disable_all_campaigns":false,"rs_blank_template":"","rs_page_bg_color":"","slide_template_v7":"","inline_featured_image":false,"_monsterinsights_skip_tracking":false,"_monsterinsights_sitenote_active":false,"_monsterinsights_sitenote_note":"","_monsterinsights_sitenote_category":0},"product_brand":[],"product_cat":[468,207],"product_tag":[],"class_list":{"0":"post-988128","1":"product","2":"type-product","3":"status-publish","4":"has-post-thumbnail","6":"product_cat-epistolas-catolicas","7":"product_cat-epistoles-catoliques","9":"first","10":"instock","11":"taxable","12":"shipping-taxable","13":"purchasable","14":"product-type-simple"},"acf":{"autor":"PAPA FRANCISCO","codart":"841063088","libros-coleccion":"DOCUMENTOS DE LA IGLESIA","ediciones":"1","encuadernacion":"R\u00fastica","fecha_de_publicacion":"24\/10\/2024","novedad":"1","paginas":"144","subtitulo":"","orden":"999","portada":"1","idioma":"spa","editorial":[{"ID":6390,"post_author":"3","post_date":"2022-07-28 17:51:08","post_date_gmt":"2022-07-28 15:51:08","post_content":"","post_title":"VERBO DIVINO","post_excerpt":"","post_status":"publish","comment_status":"closed","ping_status":"closed","post_password":"","post_name":"verbo-divino","to_ping":"","pinged":"","post_modified":"2022-07-28 17:51:08","post_modified_gmt":"2022-07-28 15:51:08","post_content_filtered":"","post_parent":0,"guid":"http:\/\/dev.claret.cat\/editorial\/verbo-divino\/","menu_order":0,"post_type":"editorial","post_mime_type":"","comment_count":"0","filter":"raw"}],"booktrailer":"","resenas":""},"aioseo_notices":[],"_links":{"self":[{"href":"https:\/\/www.claret.cat\/es\/wp-json\/wp\/v2\/product\/988128","targetHints":{"allow":["GET"]}}],"collection":[{"href":"https:\/\/www.claret.cat\/es\/wp-json\/wp\/v2\/product"}],"about":[{"href":"https:\/\/www.claret.cat\/es\/wp-json\/wp\/v2\/types\/product"}],"wp:featuredmedia":[{"embeddable":true,"href":"https:\/\/www.claret.cat\/es\/wp-json\/wp\/v2\/media\/990777"}],"wp:attachment":[{"href":"https:\/\/www.claret.cat\/es\/wp-json\/wp\/v2\/media?parent=988128"}],"wp:term":[{"taxonomy":"product_brand","embeddable":true,"href":"https:\/\/www.claret.cat\/es\/wp-json\/wp\/v2\/product_brand?post=988128"},{"taxonomy":"product_cat","embeddable":true,"href":"https:\/\/www.claret.cat\/es\/wp-json\/wp\/v2\/product_cat?post=988128"},{"taxonomy":"product_tag","embeddable":true,"href":"https:\/\/www.claret.cat\/es\/wp-json\/wp\/v2\/product_tag?post=988128"}],"curies":[{"name":"wp","href":"https:\/\/api.w.org\/{rel}","templated":true}]}}

CARTA ENCÍCLICA &#8216;DILEXIT NOS&#8217; :  SOBRE EL AMOR HUMANO Y DIVINO DEL CORAZÓN DE JESUCRISTO

<p>Consigue aquí la última encíclica del<a href='https://www.claret.cat/es/catalogo/?b=papa+francisco' rel='noopener noreferrer' target='_blank'><strong> Papa Francisco</strong></a>, <em>Dilexit Nos.</em></p>
<p></p>
<p><span>Lo expresado en este documento nos permite descubrir que lo escrito en las encíclicas sociales&nbsp;</span><a href='https://www.claret.cat/es/libro/alabado-seas-laudato-si-enciclica-9788498469424/?c=' rel='noopener noreferrer' target='_blank'><strong><em>Laudato si </em></strong></a><span>y&nbsp;</span><a href='https://www.claret.cat/llibre/fratelli-tutti-germans-tots-9788491363101/?c=' rel='noopener noreferrer' target='_blank'><strong><em>Fratelli tutti</em></strong></a><strong>&nbsp;</strong><span>no es ajeno a nuestro encuentro con el amor de </span><strong>Jesucristo</strong><span>, ya que bebiendo de ese amor nos volvemos capaces de tejer lazos fraternos, de reconocer la dignidad de cada ser humano y de cuidar juntos nuestra casa común.</span></p>
<p></p>
<p><span>Hoy todo se compra y se paga, y parece que la propia sensación de dignidad depende de cosas que se consiguen con el poder del dinero. Sólo nos urge acumular, consumir y distraernos, presos de un sistema degradante que no nos permite mirar más allá de nuestras necesidades inmediatas y mezquinas. </span></p>
<p></p>
<p><strong>El amor de Cristo </strong><span>está fuera de ese engranaje perverso y solo él puede liberarnos de esa fiebre donde ya no hay lugar para un amor gratuito. Él es capaz de darle corazón a esta tierra y reinventar el amor allí donde pensamos que la capacidad de amar ha muerto definitivamente.</span></p>

Rústica
