{"id":988988,"date":"2024-10-30T17:36:47","date_gmt":"2024-10-30T16:36:47","guid":{"rendered":"https:\/\/www.claret.cat\/llibre\/corona-de-medianoche-9788410163713\/"},"modified":"2026-03-28T10:40:30","modified_gmt":"2026-03-28T09:40:30","slug":"corona-de-medianoche-9788410163713","status":"publish","type":"product","link":"https:\/\/www.claret.cat\/es\/libro\/corona-de-medianoche-9788410163713\/","title":{"rendered":"CORONA DE MEDIANOCHE"},"content":{"rendered":"<p>Cargada de acci\u00f3n y personajes inolvidables, la segunda parte de esta saga superventas que se ha convertido en un fen\u00f3meno en todo el mundo entusiasmar\u00e1 a la enorme base de fans de Sarah J. Maas.<\/p>\n<p> Celaena Sardothien se ha convertido en la campeona del rey, aunque dista mucho de ser leal a la Corona. El rey es perverso, y Celaena, atrapada en la red de intrigas y misterios del castillo de cristal, no puede confiar en nadie, ni siquiera en el pr\u00edncipe Dorian, en el capit\u00e1n de la guardia, Chaol, o en su amiga, la princesa Nehemia. Cuando algo absolutamente inesperado suceda, Celaena se ver\u00e1 obligada a decidir de una vez por todas a qui\u00e9n ofrecerle su lealtad&#x2026; y por qui\u00e9n luchar.<\/p>\n","protected":false},"excerpt":{"rendered":"<p>MAAS, SARAH J.<\/p>\n","protected":false},"featured_media":1093398,"template":"","meta":{"_acf_changed":false,"om_disable_all_campaigns":false,"rs_blank_template":"","rs_page_bg_color":"","slide_template_v7":"","inline_featured_image":false,"_monsterinsights_skip_tracking":false,"_monsterinsights_sitenote_active":false,"_monsterinsights_sitenote_note":"","_monsterinsights_sitenote_category":0},"product_brand":[],"product_cat":[133,566,117,363],"product_tag":[],"class_list":{"0":"post-988988","1":"product","2":"type-product","3":"status-publish","4":"has-post-thumbnail","6":"product_cat-lectures-per-adolescents-12-18-anys","7":"product_cat-juvenil-3_infantil-juvenil-spa-spa","8":"product_cat-juvenil","9":"product_cat-lecturas-por-adolescentes-12-18-anos","11":"first","12":"instock","13":"taxable","14":"shipping-taxable","15":"purchasable","16":"product-type-simple"},"acf":{"autor":"MAAS, SARAH J.","codart":"841016371","libros-coleccion":"FORA DE COL.LECCI\u00d3","ediciones":"1","encuadernacion":"R\u00fastica","fecha_de_publicacion":"01\/10\/2024","novedad":"1","paginas":"505","subtitulo":"","orden":"0","portada":"0","idioma":"spa","editorial":[{"ID":147988,"post_author":"3","post_date":"2022-10-14 11:54:46","post_date_gmt":"2022-10-14 09:54:46","post_content":"","post_title":"Editorial Hidra","post_excerpt":"","post_status":"publish","comment_status":"closed","ping_status":"closed","post_password":"","post_name":"editorial-hidra","to_ping":"","pinged":"","post_modified":"2022-10-14 11:54:46","post_modified_gmt":"2022-10-14 09:54:46","post_content_filtered":"","post_parent":0,"guid":"http:\/\/dev.claret.cat\/editorial\/editorial-hidra\/","menu_order":0,"post_type":"editorial","post_mime_type":"","comment_count":"0","filter":"raw"}],"booktrailer":"","resenas":""},"aioseo_notices":[],"_links":{"self":[{"href":"https:\/\/www.claret.cat\/es\/wp-json\/wp\/v2\/product\/988988","targetHints":{"allow":["GET"]}}],"collection":[{"href":"https:\/\/www.claret.cat\/es\/wp-json\/wp\/v2\/product"}],"about":[{"href":"https:\/\/www.claret.cat\/es\/wp-json\/wp\/v2\/types\/product"}],"wp:featuredmedia":[{"embeddable":true,"href":"https:\/\/www.claret.cat\/es\/wp-json\/wp\/v2\/media\/1093398"}],"wp:attachment":[{"href":"https:\/\/www.claret.cat\/es\/wp-json\/wp\/v2\/media?parent=988988"}],"wp:term":[{"taxonomy":"product_brand","embeddable":true,"href":"https:\/\/www.claret.cat\/es\/wp-json\/wp\/v2\/product_brand?post=988988"},{"taxonomy":"product_cat","embeddable":true,"href":"https:\/\/www.claret.cat\/es\/wp-json\/wp\/v2\/product_cat?post=988988"},{"taxonomy":"product_tag","embeddable":true,"href":"https:\/\/www.claret.cat\/es\/wp-json\/wp\/v2\/product_tag?post=988988"}],"curies":[{"name":"wp","href":"https:\/\/api.w.org\/{rel}","templated":true}]}}

<p>Cargada de acción y personajes inolvidables, la segunda parte de esta saga superventas que se ha convertido en un fenómeno en todo el mundo entusiasmará a la enorme base de fans de Sarah J. Maas.</p>
<p> Celaena Sardothien se ha convertido en la campeona del rey, aunque dista mucho de ser leal a la Corona. El rey es perverso, y Celaena, atrapada en la red de intrigas y misterios del castillo de cristal, no puede confiar en nadie, ni siquiera en el príncipe Dorian, en el capitán de la guardia, Chaol, o en su amiga, la princesa Nehemia. Cuando algo absolutamente inesperado suceda, Celaena se verá obligada a decidir de una vez por todas a quién ofrecerle su lealtad&#x2026; y por quién luchar.</p>

FORA DE COL.LECCIÓ

Rústica
