{"id":989575,"date":"2024-11-04T14:20:22","date_gmt":"2024-11-04T13:20:22","guid":{"rendered":"https:\/\/www.claret.cat\/llibre\/infinit-anar-i-tornar-llibre-de-carto-9788419910790\/"},"modified":"2026-04-07T12:35:04","modified_gmt":"2026-04-07T10:35:04","slug":"infinit-anar-i-tornar-llibre-de-carto-9788419910790","status":"publish","type":"product","link":"https:\/\/www.claret.cat\/es\/libro\/infinit-anar-i-tornar-llibre-de-carto-9788419910790\/","title":{"rendered":"INFINIT. ANAR I TORNAR (LLIBRE DE CART\u00d3)"},"content":{"rendered":"<p>Aquesta adaptaci\u00f3 en tot-cartr\u00f3 d&#8221;Infinit.Anar i tornar \u00e9s ideal per compartir la lectura amb els m\u00e9s petits. Un format fet per a mans menudes! El Jan \u00e9s consciente que la mare l&#8221;estima, per\u00f2 li encnatar\u00eda saber ins a quin punt: \u00abEs pot mesusrar l&#8221;amor?\u00bb, es pregunta. Ell voldria enir un term\u00f2metre o una cinta m\u00e8trica que li indiquessin com de gran \u00e9s l&#8221;amor de la mare&#8230; Per aix\u00f2, quan ella li diu: \u00abT&#8221;estimo fins a l&#8221;infinit, anar i tornar\u00bb, ell no ho acaba d&#8221;entendre. Per\u00f2 amb l&#8221;ajuda de la seva gosseta, la Kala, intentar\u00e0 descobrir-ho. Qu\u00e8 hi trobar\u00e0s, en aquest llibre? -El conte de M\u00edriam Tirado, l&#8221;autora refer\u00e8ncia en crian\u00e7a conscient per a m\u00e9s de 650.000 lectors, ara en format ideat per als m\u00e9s petits de la fam\u00edlia: manejable, segur i accessible.  -Una lectura perfecta per compartir en fam\u00edlia. -Una hist\u00f2ria tendra repleta de l&#8221;humor i la sensibilitat que caracteritzen la M\u00edriam Tirado. -Ideal per a explicar als m\u00e9s petits un tema complicat com \u00e9s l&#8221;amor incondicional.<\/p>\n","protected":false},"excerpt":{"rendered":"<p>TIRADO, M\u00cdRIAM<\/p>\n","protected":false},"featured_media":989576,"template":"","meta":{"_acf_changed":false,"om_disable_all_campaigns":false,"rs_blank_template":"","rs_page_bg_color":"","slide_template_v7":"","inline_featured_image":false,"_monsterinsights_skip_tracking":false,"_monsterinsights_sitenote_active":false,"_monsterinsights_sitenote_note":"","_monsterinsights_sitenote_category":0},"product_brand":[],"product_cat":[131,361],"product_tag":[],"class_list":{"0":"post-989575","1":"product","2":"type-product","3":"status-publish","4":"has-post-thumbnail","6":"product_cat-contes-per-infants-0-6-anys","7":"product_cat-cuentos-para-ninos-0-6-anos","9":"first","10":"instock","11":"taxable","12":"shipping-taxable","13":"purchasable","14":"product-type-simple"},"acf":{"autor":"TIRADO, M\u00cdRIAM","codart":"841991079","libros-coleccion":"B DE BLOK","ediciones":"1","encuadernacion":"Carpeta","fecha_de_publicacion":"01\/11\/2024","novedad":"1","paginas":"28","subtitulo":"","orden":"0","portada":"0","idioma":"cat","editorial":[{"ID":294535,"post_author":"3","post_date":"2022-12-12 12:50:10","post_date_gmt":"2022-12-12 11:50:10","post_content":"","post_title":"B de Blok","post_excerpt":"","post_status":"publish","comment_status":"closed","ping_status":"closed","post_password":"","post_name":"b-de-blok","to_ping":"","pinged":"","post_modified":"2022-12-12 12:50:10","post_modified_gmt":"2022-12-12 11:50:10","post_content_filtered":"","post_parent":0,"guid":"http:\/\/dev.claret.cat\/editorial\/b-de-blok\/","menu_order":0,"post_type":"editorial","post_mime_type":"","comment_count":"0","filter":"raw"}],"booktrailer":"","resenas":""},"aioseo_notices":[],"_links":{"self":[{"href":"https:\/\/www.claret.cat\/es\/wp-json\/wp\/v2\/product\/989575","targetHints":{"allow":["GET"]}}],"collection":[{"href":"https:\/\/www.claret.cat\/es\/wp-json\/wp\/v2\/product"}],"about":[{"href":"https:\/\/www.claret.cat\/es\/wp-json\/wp\/v2\/types\/product"}],"wp:featuredmedia":[{"embeddable":true,"href":"https:\/\/www.claret.cat\/es\/wp-json\/wp\/v2\/media\/989576"}],"wp:attachment":[{"href":"https:\/\/www.claret.cat\/es\/wp-json\/wp\/v2\/media?parent=989575"}],"wp:term":[{"taxonomy":"product_brand","embeddable":true,"href":"https:\/\/www.claret.cat\/es\/wp-json\/wp\/v2\/product_brand?post=989575"},{"taxonomy":"product_cat","embeddable":true,"href":"https:\/\/www.claret.cat\/es\/wp-json\/wp\/v2\/product_cat?post=989575"},{"taxonomy":"product_tag","embeddable":true,"href":"https:\/\/www.claret.cat\/es\/wp-json\/wp\/v2\/product_tag?post=989575"}],"curies":[{"name":"wp","href":"https:\/\/api.w.org\/{rel}","templated":true}]}}

INFINIT. ANAR I TORNAR (LLIBRE DE CARTÓ)

<p>Aquesta adaptació en tot-cartró d&#8221;Infinit.Anar i tornar és ideal per compartir la lectura amb els més petits. Un format fet per a mans menudes! El Jan és consciente que la mare l&#8221;estima, però li encnataría saber ins a quin punt: «Es pot mesusrar l&#8221;amor?», es pregunta. Ell voldria enir un termòmetre o una cinta mètrica que li indiquessin com de gran és l&#8221;amor de la mare&#8230; Per això, quan ella li diu: «T&#8221;estimo fins a l&#8221;infinit, anar i tornar», ell no ho acaba d&#8221;entendre. Però amb l&#8221;ajuda de la seva gosseta, la Kala, intentarà descobrir-ho. Què hi trobaràs, en aquest llibre? -El conte de Míriam Tirado, l&#8221;autora referència en criança conscient per a més de 650.000 lectors, ara en format ideat per als més petits de la família: manejable, segur i accessible.  -Una lectura perfecta per compartir en família. -Una història tendra repleta de l&#8221;humor i la sensibilitat que caracteritzen la Míriam Tirado. -Ideal per a explicar als més petits un tema complicat com és l&#8221;amor incondicional.</p>

<p>TIRADO, MÍRIAM</p>

TIRADO, MÍRIAM
