{"id":989703,"date":"2024-11-04T16:20:02","date_gmt":"2024-11-04T15:20:02","guid":{"rendered":"https:\/\/www.claret.cat\/llibre\/homenatge-a-mn-antoni-oriol-vera-en-agraiment-a-tota-una-vida-dentrega-9788409613946\/"},"modified":"2026-03-24T11:50:18","modified_gmt":"2026-03-24T10:50:18","slug":"homenatge-a-mn-antoni-oriol-vera-en-agraiment-a-tota-una-vida-dentrega-9788409613946","status":"publish","type":"product","link":"https:\/\/www.claret.cat\/es\/libro\/homenatge-a-mn-antoni-oriol-vera-en-agraiment-a-tota-una-vida-dentrega-9788409613946\/","title":{"rendered":"HOMENATGE A MN. ANTONI ORIOL VERA EN AGRA\u00cfMENT A TOTA UNA VIDA D&#8221;ENTREGA"},"content":{"rendered":"<p>Aquest llibre-homenatge recull a trav\u00e9s de desenes de testimonis i fotografies la intensa vida d&#8217;entrega de Mn.Antoni Oriol Vera (1935-2024), que va dedicar els seus gairab\u00e9 65 anys de sacerdoci especialment als joves i als m\u00e9s necessitats. Coneixerem la seva infantesa i joventut, una eta de la qual poques coses sab\u00edem i que va transc\u00f3rrer a la protecci\u00f3 de Menors, als seminaris Menor i Major, aix\u00ed com a Bet\u00e0nia de Ribes de Freser, on va comen\u00e7ar a col\u00b7laborar amb Mn. Garc\u00eda-D\u00ede. Tamb\u00e9 farem una ullada a la seva ordenaci\u00f3 sacerdotal el 1959 i al seu primer dest\u00ed, l&#8217;institut Ramon Alb\u00f3, seguit de la parr\u00f2quia de Sant Francesc d&#8217;Ass\u00eds del Poble Nou i, com a \u00faltima comesa, abans de Jubilar-se, la Parr\u00f2quia de Sant Miquel del Port de la Barceloneta. Va compaginar-ho amb L&#8217;acompanyament espiritual i hum\u00e1 de comunitats de religioses i sacerdots, d&#8217;homes i dones que han format part de la seva vida. I no podem oblidar la seva entrega i amor a la seva fam\u00edlia, a la qual va dedicar-hi d&#8217;una manera exemplar els seus darrers anys, I al mig de tot, el Seminari Menor de Montalegre, la seva, la nostre, estimada Conreria, on va deixar-hi una petjada inesborrable en el cor de Centenars d&#8217;alum-nes i professors.Una vida de fidelitat a l&#8217;Evangeli lliurant-se humilment als altres. Una vida fent el b\u00e9.<\/p>\n","protected":false},"excerpt":{"rendered":"<p>HERRERO CABRERO, JORDI MARIA<\/p>\n","protected":false},"featured_media":989726,"template":"","meta":{"_acf_changed":false,"om_disable_all_campaigns":false,"rs_blank_template":"","rs_page_bg_color":"","slide_template_v7":"","inline_featured_image":false,"_monsterinsights_skip_tracking":false,"_monsterinsights_sitenote_active":false,"_monsterinsights_sitenote_note":"","_monsterinsights_sitenote_category":0},"product_brand":[],"product_cat":[92,542],"product_tag":[],"class_list":{"0":"post-989703","1":"product","2":"type-product","3":"status-publish","4":"has-post-thumbnail","6":"product_cat-vida-religiosa","7":"product_cat-vida-religiosa-1_espiritualidad-spa","9":"first","10":"instock","11":"taxable","12":"shipping-taxable","13":"purchasable","14":"product-type-simple"},"acf":{"autor":"HERRERO CABRERO, JORDI MARIA","codart":"840961394","libros-coleccion":"","ediciones":"1","encuadernacion":"R\u00fastica","fecha_de_publicacion":"01\/08\/2024","novedad":"1","paginas":"151","subtitulo":"","orden":"0","portada":"1","idioma":"cat","editorial":[{"ID":6167,"post_author":"3","post_date":"2022-07-28 17:46:20","post_date_gmt":"2022-07-28 15:46:20","post_content":"","post_title":"COMISSI\u00d3 AGENDA LLATINOAMERICANA","post_excerpt":"","post_status":"publish","comment_status":"closed","ping_status":"closed","post_password":"","post_name":"comissio-agenda-llatinoamericana","to_ping":"","pinged":"","post_modified":"2022-07-28 17:46:20","post_modified_gmt":"2022-07-28 15:46:20","post_content_filtered":"","post_parent":0,"guid":"http:\/\/dev.claret.cat\/editorial\/comissio-agenda-llatinoamericana\/","menu_order":0,"post_type":"editorial","post_mime_type":"","comment_count":"0","filter":"raw"}],"booktrailer":"","resenas":""},"aioseo_notices":[],"_links":{"self":[{"href":"https:\/\/www.claret.cat\/es\/wp-json\/wp\/v2\/product\/989703","targetHints":{"allow":["GET"]}}],"collection":[{"href":"https:\/\/www.claret.cat\/es\/wp-json\/wp\/v2\/product"}],"about":[{"href":"https:\/\/www.claret.cat\/es\/wp-json\/wp\/v2\/types\/product"}],"wp:featuredmedia":[{"embeddable":true,"href":"https:\/\/www.claret.cat\/es\/wp-json\/wp\/v2\/media\/989726"}],"wp:attachment":[{"href":"https:\/\/www.claret.cat\/es\/wp-json\/wp\/v2\/media?parent=989703"}],"wp:term":[{"taxonomy":"product_brand","embeddable":true,"href":"https:\/\/www.claret.cat\/es\/wp-json\/wp\/v2\/product_brand?post=989703"},{"taxonomy":"product_cat","embeddable":true,"href":"https:\/\/www.claret.cat\/es\/wp-json\/wp\/v2\/product_cat?post=989703"},{"taxonomy":"product_tag","embeddable":true,"href":"https:\/\/www.claret.cat\/es\/wp-json\/wp\/v2\/product_tag?post=989703"}],"curies":[{"name":"wp","href":"https:\/\/api.w.org\/{rel}","templated":true}]}}

HOMENATGE A MN. ANTONI ORIOL VERA EN AGRAÏMENT A TOTA UNA VIDA D&#8221;ENTREGA

<p>Aquest llibre-homenatge recull a través de desenes de testimonis i fotografies la intensa vida d&#8217;entrega de Mn.Antoni Oriol Vera (1935-2024), que va dedicar els seus gairabé 65 anys de sacerdoci especialment als joves i als més necessitats. Coneixerem la seva infantesa i joventut, una eta de la qual poques coses sabíem i que va transcórrer a la protecció de Menors, als seminaris Menor i Major, així com a Betània de Ribes de Freser, on va començar a col·laborar amb Mn. García-Díe. També farem una ullada a la seva ordenació sacerdotal el 1959 i al seu primer destí, l&#8217;institut Ramon Albó, seguit de la parròquia de Sant Francesc d&#8217;Assís del Poble Nou i, com a última comesa, abans de Jubilar-se, la Parròquia de Sant Miquel del Port de la Barceloneta. Va compaginar-ho amb L&#8217;acompanyament espiritual i humá de comunitats de religioses i sacerdots, d&#8217;homes i dones que han format part de la seva vida. I no podem oblidar la seva entrega i amor a la seva família, a la qual va dedicar-hi d&#8217;una manera exemplar els seus darrers anys, I al mig de tot, el Seminari Menor de Montalegre, la seva, la nostre, estimada Conreria, on va deixar-hi una petjada inesborrable en el cor de Centenars d&#8217;alum-nes i professors.Una vida de fidelitat a l&#8217;Evangeli lliurant-se humilment als altres. Una vida fent el bé.</p>

Rústica

COMISSIÓ AGENDA LLATINOAMERICANA
