{"id":990420,"date":"2024-11-07T13:55:16","date_gmt":"2024-11-07T12:55:16","guid":{"rendered":"https:\/\/www.claret.cat\/llibre\/els-forasters-del-temps-la-historia-del-mon-explicada-pels-vallbona-9788466158213\/"},"modified":"2026-03-05T19:35:06","modified_gmt":"2026-03-05T18:35:06","slug":"els-forasters-del-temps-la-historia-del-mon-explicada-pels-vallbona-9788466158213","status":"publish","type":"product","link":"https:\/\/www.claret.cat\/es\/libro\/els-forasters-del-temps-la-historia-del-mon-explicada-pels-vallbona-9788466158213\/","title":{"rendered":"ELS FORASTERS DEL TEMPS. LA HIST\u00d2RIA DEL M\u00d3N EXPLICADA PELS VALLBONA"},"content":{"rendered":"<p>Acompanya als Vallbona en aquesta aventura a trav\u00e9s del temps i descobreix dades fascinants sobre les \u00e8poques que han visitat els Forasters del Temps, des de la Prehist\u00f2ria fins al futur, passant per l&#8217;Antiga Gr\u00e8cia o el Jap\u00f3 dels samurais. <br \/>  La hist\u00f2ria com mai te l&#8217;havien explicat!<\/p>\n","protected":false},"excerpt":{"rendered":"<p>SANTIAGO, ROBERTO \/ FERN\u00c1NDEZ V\u00c1ZQUEZ, PABLO<\/p>\n","protected":false},"featured_media":990581,"template":"","meta":{"_acf_changed":false,"om_disable_all_campaigns":false,"rs_blank_template":"","rs_page_bg_color":"","slide_template_v7":"","inline_featured_image":false,"_monsterinsights_skip_tracking":false,"_monsterinsights_sitenote_active":false,"_monsterinsights_sitenote_note":"","_monsterinsights_sitenote_category":0},"product_brand":[],"product_cat":[132,362],"product_tag":[],"class_list":{"0":"post-990420","1":"product","2":"type-product","3":"status-publish","4":"has-post-thumbnail","6":"product_cat-lectures-per-preadolescents-6-12-anys","7":"product_cat-libros-preadolescentes-6-12-anos","9":"first","10":"instock","11":"taxable","12":"shipping-taxable","13":"purchasable","14":"product-type-simple"},"acf":{"autor":"SANTIAGO, ROBERTO \/ FERN\u00c1NDEZ V\u00c1ZQUEZ, PABLO","codart":"846615821","libros-coleccion":"FORA DE COL.LECCI\u00d3","ediciones":"1","encuadernacion":"Carton\u00e9","fecha_de_publicacion":"01\/11\/2024","novedad":"1","paginas":"185","subtitulo":"","orden":"0","portada":"0","idioma":"cat","editorial":[{"ID":147679,"post_author":"3","post_date":"2022-10-14 11:52:25","post_date_gmt":"2022-10-14 09:52:25","post_content":"","post_title":"CRUILLA \/SM-EDICIONS -VALENCIANO\/CATALAN","post_excerpt":"","post_status":"publish","comment_status":"closed","ping_status":"closed","post_password":"","post_name":"cruilla-sm-edicions-valenciano-catalan","to_ping":"","pinged":"","post_modified":"2022-10-14 11:52:25","post_modified_gmt":"2022-10-14 09:52:25","post_content_filtered":"","post_parent":0,"guid":"http:\/\/dev.claret.cat\/editorial\/cruilla-sm-edicions-valenciano-catalan\/","menu_order":0,"post_type":"editorial","post_mime_type":"","comment_count":"0","filter":"raw"}],"booktrailer":"","resenas":""},"aioseo_notices":[],"_links":{"self":[{"href":"https:\/\/www.claret.cat\/es\/wp-json\/wp\/v2\/product\/990420","targetHints":{"allow":["GET"]}}],"collection":[{"href":"https:\/\/www.claret.cat\/es\/wp-json\/wp\/v2\/product"}],"about":[{"href":"https:\/\/www.claret.cat\/es\/wp-json\/wp\/v2\/types\/product"}],"wp:featuredmedia":[{"embeddable":true,"href":"https:\/\/www.claret.cat\/es\/wp-json\/wp\/v2\/media\/990581"}],"wp:attachment":[{"href":"https:\/\/www.claret.cat\/es\/wp-json\/wp\/v2\/media?parent=990420"}],"wp:term":[{"taxonomy":"product_brand","embeddable":true,"href":"https:\/\/www.claret.cat\/es\/wp-json\/wp\/v2\/product_brand?post=990420"},{"taxonomy":"product_cat","embeddable":true,"href":"https:\/\/www.claret.cat\/es\/wp-json\/wp\/v2\/product_cat?post=990420"},{"taxonomy":"product_tag","embeddable":true,"href":"https:\/\/www.claret.cat\/es\/wp-json\/wp\/v2\/product_tag?post=990420"}],"curies":[{"name":"wp","href":"https:\/\/api.w.org\/{rel}","templated":true}]}}

ELS FORASTERS DEL TEMPS. LA HISTÒRIA DEL MÓN EXPLICADA PELS VALLBONA

<p>Acompanya als Vallbona en aquesta aventura a través del temps i descobreix dades fascinants sobre les èpoques que han visitat els Forasters del Temps, des de la Prehistòria fins al futur, passant per l&#8217;Antiga Grècia o el Japó dels samurais. <br />  La història com mai te l&#8217;havien explicat!</p>

<p>SANTIAGO, ROBERTO / FERNÁNDEZ VÁZQUEZ, PABLO</p>

SANTIAGO, ROBERTO / FERNÁNDEZ VÁZQUEZ, PABLO

FORA DE COL.LECCIÓ

Cartoné
