{"id":990942,"date":"2024-11-11T12:38:05","date_gmt":"2024-11-11T11:38:05","guid":{"rendered":"https:\/\/www.claret.cat\/llibre\/aprender-a-sentir-en-cristo-9788429332292\/"},"modified":"2026-04-01T05:37:56","modified_gmt":"2026-04-01T03:37:56","slug":"aprender-a-sentir-en-cristo-9788429332292","status":"publish","type":"product","link":"https:\/\/www.claret.cat\/es\/libro\/aprender-a-sentir-en-cristo-9788429332292\/","title":{"rendered":"APRENDER A SENTIR EN CRISTO"},"content":{"rendered":"<p>Sentir en Cristo es descubrir a Dios en lo cotidiano<\/p>\n<p>En un tiempo marcado por cambios vertiginosos y una constante dispersi\u00f3n, este libro nos invita a reencontrarnos con nuestra vida interior a trav\u00e9s de las ense\u00f1anzas de los Ejercicios espirituales de san Ignacio. Frente a la cultura del ruido y la distracci\u00f3n, el autor ofrece herramientas para fortalecer al sujeto espiritual y afrontar los desaf\u00edos de nuestro tiempo. Desde el sentir en Cristo, este recorrido nos orienta hacia una vida m\u00e1s consciente, libre y en comuni\u00f3n con los dem\u00e1s, cultivando una fe que, lejos de debilitarse, se enra\u00edza en lo m\u00e1s profundo del ser humano.<\/p>\n<p><\/p>\n","protected":false},"excerpt":{"rendered":"<p>GUERRERO ALVES, JUAN ANTONIO <\/p>\n","protected":false},"featured_media":990943,"template":"","meta":{"_acf_changed":false,"om_disable_all_campaigns":false,"rs_blank_template":"","rs_page_bg_color":"","slide_template_v7":"","inline_featured_image":false,"_monsterinsights_skip_tracking":false,"_monsterinsights_sitenote_active":false,"_monsterinsights_sitenote_note":"","_monsterinsights_sitenote_category":0},"product_brand":[],"product_cat":[244,494],"product_tag":[],"class_list":{"0":"post-990942","1":"product","2":"type-product","3":"status-publish","4":"has-post-thumbnail","6":"product_cat-ignaciana","7":"product_cat-ignaciana-espiritualidad-1_espiritualidad","9":"first","10":"instock","11":"taxable","12":"shipping-taxable","13":"purchasable","14":"product-type-simple"},"acf":{"autor":"GUERRERO ALVES, JUAN ANTONIO ","codart":"842933229","libros-coleccion":"","ediciones":"1","encuadernacion":"R\u00fastica","fecha_de_publicacion":"11\/11\/2024","novedad":"1","paginas":"288","subtitulo":"APLICAR HOY LAS REGLAS IGNACIANAS","orden":"0","portada":"0","idioma":"spa","editorial":[{"ID":6351,"post_author":"3","post_date":"2022-07-28 17:50:19","post_date_gmt":"2022-07-28 15:50:19","post_content":"","post_title":"Sal Terrae","post_excerpt":"","post_status":"publish","comment_status":"closed","ping_status":"closed","post_password":"","post_name":"sal-terrae","to_ping":"","pinged":"","post_modified":"2022-07-28 17:50:19","post_modified_gmt":"2022-07-28 15:50:19","post_content_filtered":"","post_parent":0,"guid":"http:\/\/dev.claret.cat\/editorial\/sal-terrae\/","menu_order":0,"post_type":"editorial","post_mime_type":"","comment_count":"0","filter":"raw"}],"booktrailer":"","resenas":""},"aioseo_notices":[],"_links":{"self":[{"href":"https:\/\/www.claret.cat\/es\/wp-json\/wp\/v2\/product\/990942","targetHints":{"allow":["GET"]}}],"collection":[{"href":"https:\/\/www.claret.cat\/es\/wp-json\/wp\/v2\/product"}],"about":[{"href":"https:\/\/www.claret.cat\/es\/wp-json\/wp\/v2\/types\/product"}],"wp:featuredmedia":[{"embeddable":true,"href":"https:\/\/www.claret.cat\/es\/wp-json\/wp\/v2\/media\/990943"}],"wp:attachment":[{"href":"https:\/\/www.claret.cat\/es\/wp-json\/wp\/v2\/media?parent=990942"}],"wp:term":[{"taxonomy":"product_brand","embeddable":true,"href":"https:\/\/www.claret.cat\/es\/wp-json\/wp\/v2\/product_brand?post=990942"},{"taxonomy":"product_cat","embeddable":true,"href":"https:\/\/www.claret.cat\/es\/wp-json\/wp\/v2\/product_cat?post=990942"},{"taxonomy":"product_tag","embeddable":true,"href":"https:\/\/www.claret.cat\/es\/wp-json\/wp\/v2\/product_tag?post=990942"}],"curies":[{"name":"wp","href":"https:\/\/api.w.org\/{rel}","templated":true}]}}

<p>Sentir en Cristo es descubrir a Dios en lo cotidiano</p>
<p>En un tiempo marcado por cambios vertiginosos y una constante dispersión, este libro nos invita a reencontrarnos con nuestra vida interior a través de las enseñanzas de los Ejercicios espirituales de san Ignacio. Frente a la cultura del ruido y la distracción, el autor ofrece herramientas para fortalecer al sujeto espiritual y afrontar los desafíos de nuestro tiempo. Desde el sentir en Cristo, este recorrido nos orienta hacia una vida más consciente, libre y en comunión con los demás, cultivando una fe que, lejos de debilitarse, se enraíza en lo más profundo del ser humano.</p>
<p></p>

Rústica
