{"id":992012,"date":"2024-11-15T13:35:02","date_gmt":"2024-11-15T12:35:02","guid":{"rendered":"https:\/\/www.claret.cat\/llibre\/el-valle-de-los-caballos-9788410260283\/"},"modified":"2025-06-10T17:45:35","modified_gmt":"2025-06-10T15:45:35","slug":"el-valle-de-los-caballos-9788410260283","status":"publish","type":"product","link":"https:\/\/www.claret.cat\/es\/libro\/el-valle-de-los-caballos-9788410260283\/","title":{"rendered":"EL VALLE DE LOS CABALLOS"},"content":{"rendered":"<p>La inteligencia y la curiosidad de Ayla la impulsan a seguir su propio camino y conoce a JondalarTras ser expulsada del Clan del Oso Cavernario, la joven Ayla emprende un viaje lleno de peligros y aventuras que la conduce hasta Jondalar, un zelandonii herido. Durante varios meses comparten habilidades, aventuras y sentimientos; la historia de amor de una pareja en la Prehistoria.\u00bfPOR QU\u00c9 LEER EL VALLE DE LOS CABALLOS?Ayla se enfrenta a grandes desaf\u00edos y demuestra una incre\u00edble resiliencia.La conexi\u00f3n entre Ayla y Jondalar te sumerge en una apasionada historia de amor.\u00a0 Ayla descubre c\u00f3mo hacer fuego y aprende a domesticar animales salvajes.Una mezcla de aventura, valent\u00eda y romance que te trasporta a un viaje \u00fanico de autodescubrimiento.<\/p>\n","protected":false},"excerpt":{"rendered":"<p>AUEL, JEAN MARIE<\/p>\n","protected":false},"featured_media":992259,"template":"","meta":{"_acf_changed":false,"om_disable_all_campaigns":false,"rs_blank_template":"","rs_page_bg_color":"","slide_template_v7":"","inline_featured_image":false,"_monsterinsights_skip_tracking":false,"_monsterinsights_sitenote_active":false,"_monsterinsights_sitenote_note":"","_monsterinsights_sitenote_category":0},"product_brand":[],"product_cat":[130,360],"product_tag":[],"class_list":{"0":"post-992012","1":"product","2":"type-product","3":"status-publish","4":"has-post-thumbnail","6":"product_cat-novella-historica-i-ficcio","7":"product_cat-novela-historica-y-ficcion","9":"first","10":"instock","11":"taxable","12":"shipping-taxable","13":"purchasable","14":"product-type-simple"},"acf":{"autor":"AUEL, JEAN MARIE","codart":"841026028","libros-coleccion":"FORA DE COL.LECCI\u00d3","ediciones":"1","encuadernacion":"R\u00fastica","fecha_de_publicacion":"01\/11\/2024","novedad":"1","paginas":"622","subtitulo":"EDICI\u00d3N ACTUALIZADA Y REVISADA","orden":"0","portada":"0","idioma":"spa","editorial":[{"ID":6297,"post_author":"3","post_date":"2022-07-28 17:49:10","post_date_gmt":"2022-07-28 15:49:10","post_content":"","post_title":"Maeva Ediciones","post_excerpt":"","post_status":"publish","comment_status":"closed","ping_status":"closed","post_password":"","post_name":"maeva-ediciones","to_ping":"","pinged":"","post_modified":"2022-07-28 17:49:10","post_modified_gmt":"2022-07-28 15:49:10","post_content_filtered":"","post_parent":0,"guid":"http:\/\/dev.claret.cat\/editorial\/maeva-ediciones\/","menu_order":0,"post_type":"editorial","post_mime_type":"","comment_count":"0","filter":"raw"}],"booktrailer":"","resenas":""},"aioseo_notices":[],"_links":{"self":[{"href":"https:\/\/www.claret.cat\/es\/wp-json\/wp\/v2\/product\/992012","targetHints":{"allow":["GET"]}}],"collection":[{"href":"https:\/\/www.claret.cat\/es\/wp-json\/wp\/v2\/product"}],"about":[{"href":"https:\/\/www.claret.cat\/es\/wp-json\/wp\/v2\/types\/product"}],"wp:featuredmedia":[{"embeddable":true,"href":"https:\/\/www.claret.cat\/es\/wp-json\/wp\/v2\/media\/992259"}],"wp:attachment":[{"href":"https:\/\/www.claret.cat\/es\/wp-json\/wp\/v2\/media?parent=992012"}],"wp:term":[{"taxonomy":"product_brand","embeddable":true,"href":"https:\/\/www.claret.cat\/es\/wp-json\/wp\/v2\/product_brand?post=992012"},{"taxonomy":"product_cat","embeddable":true,"href":"https:\/\/www.claret.cat\/es\/wp-json\/wp\/v2\/product_cat?post=992012"},{"taxonomy":"product_tag","embeddable":true,"href":"https:\/\/www.claret.cat\/es\/wp-json\/wp\/v2\/product_tag?post=992012"}],"curies":[{"name":"wp","href":"https:\/\/api.w.org\/{rel}","templated":true}]}}

<p>La inteligencia y la curiosidad de Ayla la impulsan a seguir su propio camino y conoce a JondalarTras ser expulsada del Clan del Oso Cavernario, la joven Ayla emprende un viaje lleno de peligros y aventuras que la conduce hasta Jondalar, un zelandonii herido. Durante varios meses comparten habilidades, aventuras y sentimientos; la historia de amor de una pareja en la Prehistoria.¿POR QUÉ LEER EL VALLE DE LOS CABALLOS?Ayla se enfrenta a grandes desafíos y demuestra una increíble resiliencia.La conexión entre Ayla y Jondalar te sumerge en una apasionada historia de amor.  Ayla descubre cómo hacer fuego y aprende a domesticar animales salvajes.Una mezcla de aventura, valentía y romance que te trasporta a un viaje único de autodescubrimiento.</p>

FORA DE COL.LECCIÓ

Rústica

EDICIÓN ACTUALIZADA Y REVISADA
