{"id":993400,"date":"2024-11-25T09:30:17","date_gmt":"2024-11-25T08:30:17","guid":{"rendered":"https:\/\/www.claret.cat\/llibre\/benedicto-xvi-el-papa-de-la-razon-9788428572194\/"},"modified":"2025-02-20T10:55:09","modified_gmt":"2025-02-20T09:55:09","slug":"benedicto-xvi-el-papa-de-la-razon-9788428572194","status":"publish","type":"product","link":"https:\/\/www.claret.cat\/es\/libro\/benedicto-xvi-el-papa-de-la-razon-9788428572194\/","title":{"rendered":"BENEDICTO XVI. EL PAPA DE LA RAZ\u00d3N"},"content":{"rendered":"<p>En el contexto del centenario del nacimiento de Joseph Ratzinger \/ Benedicto XVI, esta Biblioteca Ratzinger es una biograf\u00eda cr\u00edtica que, a caballo entre la cr\u00f3nica y el ensayo, no solo narra una serie de acontecimientos, sino tambi\u00e9n se acercar a las ideas del papa b\u00e1varo y a la geograf\u00eda de la fe y de la raz\u00f3n en todo el mundo. Este primer volumen aborda su vida y su pensamiento en los primeros a\u00f1os de su existencia. Con la intenci\u00f3n de entender mejor al \u00abpapa del logos\u00bb, al papa de la raz\u00f3n y de la palabra, y de retratarlo del modo m\u00e1s preciso, estas p\u00e1ginas ofrecen un prolijo contexto hist\u00f3rico, filos\u00f3fico, teol\u00f3gico e incluso art\u00edstico y literario.<\/p>\n","protected":false},"excerpt":{"rendered":"<p>BLANCO SARTO, PABLO<\/p>\n","protected":false},"featured_media":995167,"template":"","meta":{"_acf_changed":false,"om_disable_all_campaigns":false,"rs_blank_template":"","rs_page_bg_color":"","slide_template_v7":"","inline_featured_image":false,"_monsterinsights_skip_tracking":false,"_monsterinsights_sitenote_active":false,"_monsterinsights_sitenote_note":"","_monsterinsights_sitenote_category":0},"product_brand":[],"product_cat":[542,92],"product_tag":[],"class_list":{"0":"post-993400","1":"product","2":"type-product","3":"status-publish","4":"has-post-thumbnail","6":"product_cat-vida-religiosa-1_espiritualidad-spa","7":"product_cat-vida-religiosa","9":"first","10":"instock","11":"taxable","12":"shipping-taxable","13":"purchasable","14":"product-type-simple"},"acf":{"autor":"BLANCO SARTO, PABLO","codart":"842857219","libros-coleccion":"BIBLIOTECA RATZINGER","ediciones":"1","encuadernacion":"Carton\u00e9","fecha_de_publicacion":"01\/11\/2024","novedad":"1","paginas":"616","subtitulo":"INFANCIA, FORMACI\u00d3N Y CONCILIO (1927-1965)","orden":"999","portada":"1","idioma":"spa","editorial":[{"ID":6356,"post_author":"3","post_date":"2022-07-28 17:50:26","post_date_gmt":"2022-07-28 15:50:26","post_content":"","post_title":"SAN PABLO COMUNICACI\u00d3N","post_excerpt":"","post_status":"publish","comment_status":"closed","ping_status":"closed","post_password":"","post_name":"san-pablo-comunicacion","to_ping":"","pinged":"","post_modified":"2022-07-28 17:50:26","post_modified_gmt":"2022-07-28 15:50:26","post_content_filtered":"","post_parent":0,"guid":"http:\/\/dev.claret.cat\/editorial\/san-pablo-comunicacion\/","menu_order":0,"post_type":"editorial","post_mime_type":"","comment_count":"0","filter":"raw"}]},"aioseo_notices":[],"_links":{"self":[{"href":"https:\/\/www.claret.cat\/es\/wp-json\/wp\/v2\/product\/993400","targetHints":{"allow":["GET"]}}],"collection":[{"href":"https:\/\/www.claret.cat\/es\/wp-json\/wp\/v2\/product"}],"about":[{"href":"https:\/\/www.claret.cat\/es\/wp-json\/wp\/v2\/types\/product"}],"wp:featuredmedia":[{"embeddable":true,"href":"https:\/\/www.claret.cat\/es\/wp-json\/wp\/v2\/media\/995167"}],"wp:attachment":[{"href":"https:\/\/www.claret.cat\/es\/wp-json\/wp\/v2\/media?parent=993400"}],"wp:term":[{"taxonomy":"product_brand","embeddable":true,"href":"https:\/\/www.claret.cat\/es\/wp-json\/wp\/v2\/product_brand?post=993400"},{"taxonomy":"product_cat","embeddable":true,"href":"https:\/\/www.claret.cat\/es\/wp-json\/wp\/v2\/product_cat?post=993400"},{"taxonomy":"product_tag","embeddable":true,"href":"https:\/\/www.claret.cat\/es\/wp-json\/wp\/v2\/product_tag?post=993400"}],"curies":[{"name":"wp","href":"https:\/\/api.w.org\/{rel}","templated":true}]}}

BENEDICTO XVI. EL PAPA DE LA RAZÓN

<p>En el contexto del centenario del nacimiento de Joseph Ratzinger / Benedicto XVI, esta Biblioteca Ratzinger es una biografía crítica que, a caballo entre la crónica y el ensayo, no solo narra una serie de acontecimientos, sino también se acercar a las ideas del papa bávaro y a la geografía de la fe y de la razón en todo el mundo. Este primer volumen aborda su vida y su pensamiento en los primeros años de su existencia. Con la intención de entender mejor al «papa del logos», al papa de la razón y de la palabra, y de retratarlo del modo más preciso, estas páginas ofrecen un prolijo contexto histórico, filosófico, teológico e incluso artístico y literario.</p>

Cartoné

INFANCIA, FORMACIÓN Y CONCILIO (1927-1965)

SAN PABLO COMUNICACIÓN
