{"id":994105,"date":"2024-11-28T12:10:02","date_gmt":"2024-11-28T11:10:02","guid":{"rendered":"https:\/\/www.claret.cat\/llibre\/como-si-viera-al-invisible-9788413792378\/"},"modified":"2024-11-28T12:15:38","modified_gmt":"2024-11-28T11:15:38","slug":"como-si-viera-al-invisible-9788413792378","status":"publish","type":"product","link":"https:\/\/www.claret.cat\/es\/libro\/como-si-viera-al-invisible-9788413792378\/","title":{"rendered":"COMO SI VIERA AL INVISIBLE"},"content":{"rendered":"<p>Al concluir las celebraciones del Bicentenario del \u00abSue\u00f1o de los Nueve A\u00f1os\u00bb de san Juan Bosco, este libro pretende profundizar en aquel sue\u00f1o que tuvo Juanito, cuando ten\u00eda nueve a\u00f1os, a la luz de un segundo sue\u00f1o que tuvo en el a\u00f1o 1844 cuando ya era un joven sacerdote. Dos sue\u00f1os que en Don Bosco adulto se convierten en vida, existencia, experiencia. A trav\u00e9s de su peregrinar en busca de un lugar donde acoger a sus j\u00f3venes y vivir con ellos, va madurando el valor de la hospitalidad y lo integra en su vida, espiritualidad y praxis educativa. \u00abLa originalidad de este planteamiento se encuentra en la relectura de Don Bosco a partir de los dos sue\u00f1os: el de los nueve a\u00f1os (1824) y el del joven sacerdote (1844), como una verdadera peregrinaci\u00f3n, similar a la de Mois\u00e9s, en busca de la \u201cTierra Prometida\u201d; caminando en la oscuridad sostenido por la fe y por tanto \u201ccomo si viera al invisible\u201d\u00bb (Don Pascual Ch\u00e1vez Villanueva, sdb).<\/p>\n","protected":false},"excerpt":{"rendered":"<p>SANTOS, GILD\u00c1SIO MENDES DOS<\/p>\n","protected":false},"featured_media":994106,"template":"","meta":{"_acf_changed":false,"om_disable_all_campaigns":false,"rs_blank_template":"","rs_page_bg_color":"","slide_template_v7":"","inline_featured_image":false,"_monsterinsights_skip_tracking":false,"_monsterinsights_sitenote_active":false,"_monsterinsights_sitenote_note":"","_monsterinsights_sitenote_category":0},"product_brand":[],"product_cat":[92,542],"product_tag":[],"class_list":{"0":"post-994105","1":"product","2":"type-product","3":"status-publish","4":"has-post-thumbnail","6":"product_cat-vida-religiosa","7":"product_cat-vida-religiosa-1_espiritualidad-spa","9":"first","10":"instock","11":"taxable","12":"shipping-taxable","13":"purchasable","14":"product-type-simple"},"acf":{"autor":"SANTOS, GILD\u00c1SIO MENDES DOS","codart":"841379237","libros-coleccion":"","ediciones":"1","encuadernacion":"R\u00fastica","fecha_de_publicacion":"28\/11\/2024","novedad":"1","paginas":"116","subtitulo":"","orden":"0","portada":"0","idioma":"spa","editorial":[{"ID":6155,"post_author":"3","post_date":"2022-07-28 17:46:04","post_date_gmt":"2022-07-28 15:46:04","post_content":"","post_title":"Central Catequ\u00edstica Salesiana","post_excerpt":"","post_status":"publish","comment_status":"closed","ping_status":"closed","post_password":"","post_name":"central-catequistica-salesiana","to_ping":"","pinged":"","post_modified":"2022-07-28 17:46:04","post_modified_gmt":"2022-07-28 15:46:04","post_content_filtered":"","post_parent":0,"guid":"http:\/\/dev.claret.cat\/editorial\/central-catequistica-salesiana\/","menu_order":0,"post_type":"editorial","post_mime_type":"","comment_count":"0","filter":"raw"}]},"aioseo_notices":[],"_links":{"self":[{"href":"https:\/\/www.claret.cat\/es\/wp-json\/wp\/v2\/product\/994105","targetHints":{"allow":["GET"]}}],"collection":[{"href":"https:\/\/www.claret.cat\/es\/wp-json\/wp\/v2\/product"}],"about":[{"href":"https:\/\/www.claret.cat\/es\/wp-json\/wp\/v2\/types\/product"}],"wp:featuredmedia":[{"embeddable":true,"href":"https:\/\/www.claret.cat\/es\/wp-json\/wp\/v2\/media\/994106"}],"wp:attachment":[{"href":"https:\/\/www.claret.cat\/es\/wp-json\/wp\/v2\/media?parent=994105"}],"wp:term":[{"taxonomy":"product_brand","embeddable":true,"href":"https:\/\/www.claret.cat\/es\/wp-json\/wp\/v2\/product_brand?post=994105"},{"taxonomy":"product_cat","embeddable":true,"href":"https:\/\/www.claret.cat\/es\/wp-json\/wp\/v2\/product_cat?post=994105"},{"taxonomy":"product_tag","embeddable":true,"href":"https:\/\/www.claret.cat\/es\/wp-json\/wp\/v2\/product_tag?post=994105"}],"curies":[{"name":"wp","href":"https:\/\/api.w.org\/{rel}","templated":true}]}}

<p>Al concluir las celebraciones del Bicentenario del «Sueño de los Nueve Años» de san Juan Bosco, este libro pretende profundizar en aquel sueño que tuvo Juanito, cuando tenía nueve años, a la luz de un segundo sueño que tuvo en el año 1844 cuando ya era un joven sacerdote. Dos sueños que en Don Bosco adulto se convierten en vida, existencia, experiencia. A través de su peregrinar en busca de un lugar donde acoger a sus jóvenes y vivir con ellos, va madurando el valor de la hospitalidad y lo integra en su vida, espiritualidad y praxis educativa. «La originalidad de este planteamiento se encuentra en la relectura de Don Bosco a partir de los dos sueños: el de los nueve años (1824) y el del joven sacerdote (1844), como una verdadera peregrinación, similar a la de Moisés, en busca de la “Tierra Prometida”; caminando en la oscuridad sostenido por la fe y por tanto “como si viera al invisible”» (Don Pascual Chávez Villanueva, sdb).</p>

<p>SANTOS, GILDÁSIO MENDES DOS</p>

SANTOS, GILDÁSIO MENDES DOS

Rústica

Central Catequística Salesiana
