{"id":998090,"date":"2025-01-13T11:55:41","date_gmt":"2025-01-13T10:55:41","guid":{"rendered":"https:\/\/www.claret.cat\/llibre\/el-apostol-milenial-de-la-esperanza-9788428572545\/"},"modified":"2025-01-25T12:10:18","modified_gmt":"2025-01-25T11:10:18","slug":"el-apostol-milenial-de-la-esperanza-9788428572545","status":"publish","type":"product","link":"https:\/\/www.claret.cat\/es\/libro\/el-apostol-milenial-de-la-esperanza-9788428572545\/","title":{"rendered":"EL AP\u00d3STOL MILENIAL DE LA ESPERANZA"},"content":{"rendered":"<p>Esta peque\u00f1a obra es una novena de oraci\u00f3n, que pone los ojos en Carlo Acutis, el ap\u00f3stol milenial, pidiendo su intercesi\u00f3n ante el Se\u00f1or y proponiendo a todos los cristianos su modelo de santidad. Carlo Acutis, \u00abnuestro Carlo\u00bb, es hijo de nuestro tiempo, de nuestras generaciones m\u00e1s pr\u00f3ximas. Con su existencia, Carlo nos ayuda a renovar el compromiso con nuestra propia vocaci\u00f3n a la santidad y nos recuerda que nuestra Iglesia, aunque puedan decirnos lo contrario, est\u00e1 m\u00e1s viva y llena de esperanza que nunca.<\/p>\n","protected":false},"excerpt":{"rendered":"<p>AGUIRRE REYES, CARLOS<\/p>\n","protected":false},"featured_media":998125,"template":"","meta":{"_acf_changed":false,"om_disable_all_campaigns":false,"rs_blank_template":"","rs_page_bg_color":"","slide_template_v7":"","inline_featured_image":false,"_monsterinsights_skip_tracking":false,"_monsterinsights_sitenote_active":false,"_monsterinsights_sitenote_note":"","_monsterinsights_sitenote_category":0},"product_brand":[],"product_cat":[496,246],"product_tag":[],"class_list":{"0":"post-998090","1":"product","2":"type-product","3":"status-publish","4":"has-post-thumbnail","6":"product_cat-devocionarios","7":"product_cat-devocionaris","9":"first","10":"instock","11":"taxable","12":"shipping-taxable","13":"purchasable","14":"product-type-simple"},"acf":{"autor":"AGUIRRE REYES, CARLOS","codart":"842857254","libros-coleccion":"Materiales lit\u00fargico-pastorales","ediciones":"1","encuadernacion":"R\u00fastica","fecha_de_publicacion":"13\/01\/2025","novedad":"1","paginas":"64","subtitulo":"NOVENA A CARLO ACUTIS","orden":"0","portada":"0","idioma":"spa","editorial":[{"ID":6356,"post_author":"3","post_date":"2022-07-28 17:50:26","post_date_gmt":"2022-07-28 15:50:26","post_content":"","post_title":"SAN PABLO COMUNICACI\u00d3N","post_excerpt":"","post_status":"publish","comment_status":"closed","ping_status":"closed","post_password":"","post_name":"san-pablo-comunicacion","to_ping":"","pinged":"","post_modified":"2022-07-28 17:50:26","post_modified_gmt":"2022-07-28 15:50:26","post_content_filtered":"","post_parent":0,"guid":"http:\/\/dev.claret.cat\/editorial\/san-pablo-comunicacion\/","menu_order":0,"post_type":"editorial","post_mime_type":"","comment_count":"0","filter":"raw"}]},"aioseo_notices":[],"_links":{"self":[{"href":"https:\/\/www.claret.cat\/es\/wp-json\/wp\/v2\/product\/998090","targetHints":{"allow":["GET"]}}],"collection":[{"href":"https:\/\/www.claret.cat\/es\/wp-json\/wp\/v2\/product"}],"about":[{"href":"https:\/\/www.claret.cat\/es\/wp-json\/wp\/v2\/types\/product"}],"wp:featuredmedia":[{"embeddable":true,"href":"https:\/\/www.claret.cat\/es\/wp-json\/wp\/v2\/media\/998125"}],"wp:attachment":[{"href":"https:\/\/www.claret.cat\/es\/wp-json\/wp\/v2\/media?parent=998090"}],"wp:term":[{"taxonomy":"product_brand","embeddable":true,"href":"https:\/\/www.claret.cat\/es\/wp-json\/wp\/v2\/product_brand?post=998090"},{"taxonomy":"product_cat","embeddable":true,"href":"https:\/\/www.claret.cat\/es\/wp-json\/wp\/v2\/product_cat?post=998090"},{"taxonomy":"product_tag","embeddable":true,"href":"https:\/\/www.claret.cat\/es\/wp-json\/wp\/v2\/product_tag?post=998090"}],"curies":[{"name":"wp","href":"https:\/\/api.w.org\/{rel}","templated":true}]}}

EL APÓSTOL MILENIAL DE LA ESPERANZA

<p>Esta pequeña obra es una novena de oración, que pone los ojos en Carlo Acutis, el apóstol milenial, pidiendo su intercesión ante el Señor y proponiendo a todos los cristianos su modelo de santidad. Carlo Acutis, «nuestro Carlo», es hijo de nuestro tiempo, de nuestras generaciones más próximas. Con su existencia, Carlo nos ayuda a renovar el compromiso con nuestra propia vocación a la santidad y nos recuerda que nuestra Iglesia, aunque puedan decirnos lo contrario, está más viva y llena de esperanza que nunca.</p>

Materiales litúrgico-pastorales

Rústica

SAN PABLO COMUNICACIÓN
