{"id":99951,"date":"2022-10-12T07:46:32","date_gmt":"2022-10-12T05:46:32","guid":{"rendered":"http:\/\/dev.claret.cat\/producte\/gramatica-de-la-encarnacion\/"},"modified":"2023-01-28T23:32:37","modified_gmt":"2023-01-28T22:32:37","slug":"gramatica-de-la-encarnacion-9788484681229","status":"publish","type":"product","link":"https:\/\/www.claret.cat\/es\/libro\/gramatica-de-la-encarnacion-9788484681229\/","title":{"rendered":"GRAM\u00c1TICA DE LA ENCARNACI\u00d3N"},"content":{"rendered":"<p>Estudio del pensamiento de los te\u00f3logos Karl Rahner y Hans Urs von Balthasar en torno a un tema primordial y de gran inter\u00e9s en el debate teol\u00f3gico: la verdad de la creaci\u00f3n.<\/p>\n","protected":false},"excerpt":{"rendered":"<p>CORDOVILLA P\u00c9REZ, \u00c1NGEL<\/p>\n","protected":false},"featured_media":99952,"template":"","meta":{"_acf_changed":false,"om_disable_all_campaigns":false,"rs_blank_template":"","rs_page_bg_color":"","slide_template_v7":"","inline_featured_image":false,"_monsterinsights_skip_tracking":false,"_monsterinsights_sitenote_active":false,"_monsterinsights_sitenote_note":"","_monsterinsights_sitenote_category":0},"product_brand":[],"product_cat":[16],"product_tag":[],"class_list":{"0":"post-99951","1":"product","2":"type-product","3":"status-publish","4":"has-post-thumbnail","6":"product_cat-sense-categoria","8":"first","9":"instock","10":"taxable","11":"shipping-taxable","12":"purchasable","13":"product-type-simple"},"acf":{"autores-libros":[{"ID":8284,"post_author":"3","post_date":"2022-09-30 09:47:25","post_date_gmt":"2022-09-30 07:47:25","post_content":"","post_title":"\u00c1NGEL CORDOVILLA P\u00c9REZ","post_excerpt":"","post_status":"publish","comment_status":"closed","ping_status":"closed","post_password":"","post_name":"angel-cordovilla-perez","to_ping":"","pinged":"","post_modified":"2022-09-30 09:47:25","post_modified_gmt":"2022-09-30 07:47:25","post_content_filtered":"","post_parent":0,"guid":"http:\/\/dev.claret.cat\/autor\/angel-cordovilla-perez\/","menu_order":0,"post_type":"autor","post_mime_type":"","comment_count":"0","filter":"raw"}],"autor":"CORDOVILLA P\u00c9REZ, \u00c1NGEL","codart":"848468122","libros-coleccion":"Estudios","ediciones":"1","encuadernacion":"R\u00fastica","fecha_de_publicacion":"01\/07\/2004","novedad":"1","paginas":"514","subtitulo":"LA CREACI\u00d3N EN CRISTO EN LA TEOLOG\u00cdA DE K. RAHNER Y HANS URS VON BALTHASAR","orden":"0","portada":"0","idioma":"spa","editorial":[{"ID":148930,"post_author":"3","post_date":"2022-10-14 12:02:06","post_date_gmt":"2022-10-14 10:02:06","post_content":"","post_title":"Universidad Pontificia Comillas (Publica","post_excerpt":"","post_status":"publish","comment_status":"closed","ping_status":"closed","post_password":"","post_name":"universidad-pontificia-comillas-publica","to_ping":"","pinged":"","post_modified":"2022-10-14 12:02:06","post_modified_gmt":"2022-10-14 10:02:06","post_content_filtered":"","post_parent":0,"guid":"http:\/\/dev.claret.cat\/editorial\/universidad-pontificia-comillas-publica\/","menu_order":0,"post_type":"editorial","post_mime_type":"","comment_count":"0","filter":"raw"}]},"aioseo_notices":[],"_links":{"self":[{"href":"https:\/\/www.claret.cat\/es\/wp-json\/wp\/v2\/product\/99951","targetHints":{"allow":["GET"]}}],"collection":[{"href":"https:\/\/www.claret.cat\/es\/wp-json\/wp\/v2\/product"}],"about":[{"href":"https:\/\/www.claret.cat\/es\/wp-json\/wp\/v2\/types\/product"}],"wp:featuredmedia":[{"embeddable":true,"href":"https:\/\/www.claret.cat\/es\/wp-json\/wp\/v2\/media\/99952"}],"wp:attachment":[{"href":"https:\/\/www.claret.cat\/es\/wp-json\/wp\/v2\/media?parent=99951"}],"wp:term":[{"taxonomy":"product_brand","embeddable":true,"href":"https:\/\/www.claret.cat\/es\/wp-json\/wp\/v2\/product_brand?post=99951"},{"taxonomy":"product_cat","embeddable":true,"href":"https:\/\/www.claret.cat\/es\/wp-json\/wp\/v2\/product_cat?post=99951"},{"taxonomy":"product_tag","embeddable":true,"href":"https:\/\/www.claret.cat\/es\/wp-json\/wp\/v2\/product_tag?post=99951"}],"curies":[{"name":"wp","href":"https:\/\/api.w.org\/{rel}","templated":true}]}}

GRAMÁTICA DE LA ENCARNACIÓN

<p>Estudio del pensamiento de los teólogos Karl Rahner y Hans Urs von Balthasar en torno a un tema primordial y de gran interés en el debate teológico: la verdad de la creación.</p>

<p>CORDOVILLA PÉREZ, ÁNGEL</p>

ÁNGEL CORDOVILLA PÉREZ

CORDOVILLA PÉREZ, ÁNGEL

Rústica

LA CREACIÓN EN CRISTO EN LA TEOLOGÍA DE K. RAHNER Y HANS URS VON BALTHASAR
